{"id":1045,"date":"2016-08-27T11:39:03","date_gmt":"2016-08-27T11:39:03","guid":{"rendered":"http:\/\/fuencactiva.org\/?page_id=1045"},"modified":"2020-12-29T12:02:22","modified_gmt":"2020-12-29T11:02:22","slug":"redes","status":"publish","type":"page","link":"https:\/\/fuencactiva.org\/?page_id=1045","title":{"rendered":"Redes"},"content":{"rendered":"\n<p class=\"has-medium-font-size\">En nuestra vida diaria funcionamos en redes. Tenemos nuestras redes b\u00e1sicas, que son las familiares, las vecinales, las amistades. Pero tambi\u00e9n tenemos redes en nuestro trabajo, en nuestras actividades de ocio.<\/p>\n\n\n\n<p class=\"has-medium-font-size\">Cuando nos asociamos, o formamos parte de un colectivo formamos una red. Cuando utilizamos las herramientas digitales para comunicarnos, tambi\u00e9n participamos en redes.<\/p>\n\n\n\n<p class=\"has-medium-font-size\"><strong>Somos seres interdependientes que nos necesitamos unos a otros y, por eso, las redes forman parte de nuestra vida, aunque no siempre seamos conscientes de ello.<\/strong>  Adem\u00e1s, cuando tenemos objetivos compartidos entre distintas personas y\/o colectivos, formamos nuevas redes, porque sabemos que el trabajo colectivo es importante para alcanzar objetivos comunes. <\/p>\n\n\n\n<p class=\"has-medium-font-size\">En el distrito funcionan diferentes redes, m\u00e1s all\u00e1 de las b\u00e1sicas y las asociativas. Aqu\u00ed tienes algunas de ellas.<\/p>\n\n\n\n<p class=\"has-medium-font-size\"><strong>Oficina de Derechos Sociales y Apoyo Mutuo Comunitario<\/strong><\/p>\n\n\n\n<p class=\"has-medium-font-size\"><strong><a rel=\"noreferrer noopener\" aria-label=\"Coordinadora X lo P\u00fablico (abre en una nueva pesta\u00f1a)\" href=\"https:\/\/www.facebook.com\/CoordinadoraXLoPublicoDeFuencarralElPardo\/\" target=\"_blank\">Coordinadora X lo P\u00fablico<\/a><\/strong><\/p>\n\n\n\n<p class=\"has-medium-font-size\"><strong><a href=\"http:\/\/fuencactiva.org\/?page_id=141\" target=\"_blank\" rel=\"noreferrer noopener\" aria-label=\"Plataforma de Colectivos Vecinales (abre en una nueva pesta\u00f1a)\">Plataforma de Colectivos Vecinales<\/a><\/strong><\/p>\n\n\n\n<p class=\"has-medium-font-size\"><strong><a href=\"http:\/\/chamartinverdeysintorres.es\/\" target=\"_blank\" rel=\"noreferrer noopener\" aria-label=\"Plataforma Zona Norte (abre en una nueva pesta\u00f1a)\">Plataforma Zona Norte<\/a><\/strong><\/p>\n\n\n\n<p class=\"has-medium-font-size\"><strong><a rel=\"noreferrer noopener\" aria-label=\"Plataforma por unas Fiestas Populares (abre en una nueva pesta\u00f1a)\" href=\"http:\/\/fiestasbarriodelpilar.lapiluka.org\/\" target=\"_blank\">Plataforma por unas Fiestas Populares<\/a><\/strong><\/p>\n\n\n\n<p class=\"has-medium-font-size\"><strong><a href=\"https:\/\/pobladoresfuencarral.com\/\" target=\"_blank\" rel=\"noreferrer noopener\" aria-label=\"Plataforma para la Rehabilitaci\u00f3n del Poblado Dirigido (abre en una nueva pesta\u00f1a)\">Plataforma para la Rehabilitaci\u00f3n del Poblado Dirigido<\/a><\/strong><\/p>\n\n\n\n<p class=\"has-medium-font-size\"><strong><a href=\"https:\/\/www.facebook.com\/PlataformaEPLasTablas\/\" target=\"_blank\" rel=\"noreferrer noopener\" aria-label=\"Plataforma por la Escuela P\u00fablica Las Tablas (abre en una nueva pesta\u00f1a)\">Plataforma por la Escuela P\u00fablica Las Tablas<\/a><\/strong><\/p>\n\n\n\n<p class=\"has-medium-font-size\"><strong><a href=\"https:\/\/www.facebook.com\/EducaMontecarmelo\/\" target=\"_blank\" rel=\"noreferrer noopener\" aria-label=\"Plataforma por la Educaci\u00f3n P\u00fablica Montecarmelo (abre en una nueva pesta\u00f1a)\">Plataforma por la Educaci\u00f3n P\u00fablica Montecarmelo<\/a><\/strong><\/p>\n\n\n\n<p class=\"has-medium-font-size\"><strong><a rel=\"noreferrer noopener\" aria-label=\"Plataforma por la Educaci\u00f3n P\u00fablica Ilustraci\u00f3n (abre en una nueva pesta\u00f1a)\" href=\"https:\/\/www.facebook.com\/IlustracionxEP\/\" target=\"_blank\">Plataforma por la Educaci\u00f3n P\u00fablica Ilustraci\u00f3n<\/a><\/strong><\/p>\n\n\n\n<p class=\"has-medium-font-size\"><strong>Mesa de Entidades<\/strong><\/p>\n\n\n\n<p> <\/p>\n","protected":false},"excerpt":{"rendered":"<p>En nuestra vida diaria funcionamos en redes. Tenemos nuestras redes b\u00e1sicas, que son las familiares, las vecinales, las amistades. Pero tambi\u00e9n tenemos redes en nuestro trabajo, en nuestras actividades de ocio. Cuando nos asociamos, o formamos parte de un colectivo formamos una red. Cuando utilizamos las herramientas digitales para comunicarnos, tambi\u00e9n participamos en redes. Somos [&hellip;]<\/p>\n","protected":false},"author":5,"featured_media":0,"parent":12,"menu_order":2,"comment_status":"closed","ping_status":"closed","template":"","meta":[],"jetpack_sharing_enabled":true,"_links":{"self":[{"href":"https:\/\/fuencactiva.org\/index.php?rest_route=\/wp\/v2\/pages\/1045"}],"collection":[{"href":"https:\/\/fuencactiva.org\/index.php?rest_route=\/wp\/v2\/pages"}],"about":[{"href":"https:\/\/fuencactiva.org\/index.php?rest_route=\/wp\/v2\/types\/page"}],"author":[{"embeddable":true,"href":"https:\/\/fuencactiva.org\/index.php?rest_route=\/wp\/v2\/users\/5"}],"replies":[{"embeddable":true,"href":"https:\/\/fuencactiva.org\/index.php?rest_route=%2Fwp%2Fv2%2Fcomments&post=1045"}],"version-history":[{"count":13,"href":"https:\/\/fuencactiva.org\/index.php?rest_route=\/wp\/v2\/pages\/1045\/revisions"}],"predecessor-version":[{"id":3612,"href":"https:\/\/fuencactiva.org\/index.php?rest_route=\/wp\/v2\/pages\/1045\/revisions\/3612"}],"up":[{"embeddable":true,"href":"https:\/\/fuencactiva.org\/index.php?rest_route=\/wp\/v2\/pages\/12"}],"wp:attachment":[{"href":"https:\/\/fuencactiva.org\/index.php?rest_route=%2Fwp%2Fv2%2Fmedia&parent=1045"}],"curies":[{"name":"wp","href":"https:\/\/api.w.org\/{rel}","templated":true}]}}