{"id":173,"date":"2015-08-07T16:09:07","date_gmt":"2015-08-07T16:09:07","guid":{"rendered":"http:\/\/fuencactiva.org\/?page_id=173"},"modified":"2020-02-23T11:28:32","modified_gmt":"2020-02-23T10:28:32","slug":"escuela-popular-de-adultos","status":"publish","type":"page","link":"https:\/\/fuencactiva.org\/?page_id=173","title":{"rendered":"Escuela Popular de Personas Adultas"},"content":{"rendered":"\n<p class=\"has-medium-font-size\">Espacio cultural-educativo gestionado por vecinos con larga trayectoria en la educaci\u00f3n popular. Organizamos talleres de diversas tem\u00e1ticas, debates, exposiciones. Hay clases de castellano para inmigrantes los lunes y mi\u00e9rcoles de 19.30 a 21 h.<\/p>\n\n\n\n<p class=\"has-medium-font-size\">Queremos que la gente que viene aprenda castellano, pero tambi\u00e9n queremos que conozcan los derechos (asistencia sanitaria, educaci\u00f3n, papeles, etc) y la forma de exigirlos.<\/p>\n\n\n\n<p class=\"has-medium-font-size\">El segundo y cuarto lunes de cada mes, de 19 a 21 h, funciona una asesor\u00eda sobre derechos sociales, laborales y de extranjer\u00eda para facilitar el conocimiento de los derechos con los que contamos y la mejor forma que tenemos para garantizar y exigir los mismos.<\/p>\n\n\n\n<p class=\"has-medium-font-size\"><strong>Informaci\u00f3n<\/strong>: Calle Betanzos 37, Tfs 635736573  y 650588925<\/p>\n\n\n\n<p class=\"has-medium-font-size\">Bus 42, 49, 126, 128 y 147. Metros Pe\u00f1agrande y Barrio del Pilar<\/p>\n\n\n\n<p class=\"has-medium-font-size\"><a href=\"http:\/\/proyectomigracionesbarriopilar.blogspot.com\">http:\/\/proyectomigracionesbarriopilar.blogspot.com<\/a><\/p>\n","protected":false},"excerpt":{"rendered":"<p>Espacio cultural-educativo gestionado por vecinos con larga trayectoria en la educaci\u00f3n popular. Organizamos talleres de diversas tem\u00e1ticas, debates, exposiciones. Hay clases de castellano para inmigrantes los lunes y mi\u00e9rcoles de 19.30 a 21 h. Queremos que la gente que viene aprenda castellano, pero tambi\u00e9n queremos que conozcan los derechos (asistencia sanitaria, educaci\u00f3n, papeles, etc) y [&hellip;]<\/p>\n","protected":false},"author":5,"featured_media":0,"parent":1043,"menu_order":1,"comment_status":"closed","ping_status":"open","template":"","meta":[],"jetpack_sharing_enabled":true,"_links":{"self":[{"href":"https:\/\/fuencactiva.org\/index.php?rest_route=\/wp\/v2\/pages\/173"}],"collection":[{"href":"https:\/\/fuencactiva.org\/index.php?rest_route=\/wp\/v2\/pages"}],"about":[{"href":"https:\/\/fuencactiva.org\/index.php?rest_route=\/wp\/v2\/types\/page"}],"author":[{"embeddable":true,"href":"https:\/\/fuencactiva.org\/index.php?rest_route=\/wp\/v2\/users\/5"}],"replies":[{"embeddable":true,"href":"https:\/\/fuencactiva.org\/index.php?rest_route=%2Fwp%2Fv2%2Fcomments&post=173"}],"version-history":[{"count":3,"href":"https:\/\/fuencactiva.org\/index.php?rest_route=\/wp\/v2\/pages\/173\/revisions"}],"predecessor-version":[{"id":3367,"href":"https:\/\/fuencactiva.org\/index.php?rest_route=\/wp\/v2\/pages\/173\/revisions\/3367"}],"up":[{"embeddable":true,"href":"https:\/\/fuencactiva.org\/index.php?rest_route=\/wp\/v2\/pages\/1043"}],"wp:attachment":[{"href":"https:\/\/fuencactiva.org\/index.php?rest_route=%2Fwp%2Fv2%2Fmedia&parent=173"}],"curies":[{"name":"wp","href":"https:\/\/api.w.org\/{rel}","templated":true}]}}