{"id":1970,"date":"2019-07-14T16:46:11","date_gmt":"2019-07-14T14:46:11","guid":{"rendered":"http:\/\/fuencactiva.org\/?page_id=1970"},"modified":"2020-07-04T20:03:46","modified_gmt":"2020-07-04T18:03:46","slug":"foro-local","status":"publish","type":"page","link":"https:\/\/fuencactiva.org\/?page_id=1970","title":{"rendered":"Foros Locales"},"content":{"rendered":"\n<p class=\"has-medium-font-size\"> Los <strong><a href=\"https:\/\/transparencia.madrid.es\/portales\/transparencia\/es\/Relacion-con-la-ciudadania\/Participacion-de-la-ciudadania\/Foros-locales\/?vgnextfmt=default&amp;vgnextchannel=999591339a6a3610VgnVCM2000001f4a900aRCRD\" target=\"_blank\" rel=\"noreferrer noopener\" aria-label=\"foros locales (se abre en una nueva pesta\u00f1a)\">foros locales<\/a><\/strong> se crean a finales del a\u00f1o 2016 con el objetivo de sustituir a los consejos territoriales, como \u00f3rgano de participaci\u00f3n ciudadana, en el marco del <strong><a rel=\"noreferrer noopener\" href=\"http:\/\/fuencactiva.org\/wp-content\/uploads\/2019\/07\/reglamentoOrganicoParticipacionCiudadanaBOCMmayo18.pdf\" target=\"_blank\">ROPC (Reglamento Org\u00e1nico de Participaci\u00f3n Ciudadana)<\/a><\/strong> del Ayuntamiento de Madrid, aprobado en el pleno del mes de mayo de 2004 <\/p>\n\n\n\n<p class=\"has-medium-font-size\"> Una vez publicado el <a rel=\"noreferrer noopener\" href=\"http:\/\/fuencactiva.org\/wp-content\/uploads\/2019\/07\/boamReglamentoFuncionamientoFFLLdic16.pdf\" target=\"_blank\"><strong>Reglamento de Funcionamiento de los FFLL<\/strong><\/a>, en febrero del 2017 se constituy\u00f3 en todos los distritos el Foro Local, que ha estado activo hasta el cambio de legislatura, en junio del 2019, aunque las mesas y grupos de trabajo han continuado realizando sus tareas durante todo el a\u00f1o.  <\/p>\n\n\n\n<p class=\"has-medium-font-size\">La constituci\u00f3n del nuevo foro se hace en un plenario, en el que participan las personas y entidades que previamente se han inscrito, y que est\u00e1 presidido por la persona que ostenta la concejal\u00eda del distrito.<\/p>\n\n\n\n<p class=\"has-medium-font-size\">En el plenario de constituci\u00f3n se elige una vicepresidencia y suplencia, y se constituyen las mesas que se proponen y acuerdan, por parte de las personas y entidades presentes, junto con las personas que van a coordinarlas. Todas ellas conforman la Comisi\u00f3n Permanente, \u00f3rgano de coordinaci\u00f3n, impulso y gesti\u00f3n de la actividad del foro entre plenarios. <\/p>\n\n\n\n<h2 class=\"wp-block-heading\"><strong>Qu\u00e9 son los foros locales<\/strong><\/h2>\n\n\n\n<p class=\"has-medium-font-size\">El foro local, dice el reglamento, quiere ser un <strong>espacio p\u00fablico de encuentro, dialogo, deliberaci\u00f3n, concertaci\u00f3n, propuesta y evaluaci\u00f3n de pol\u00edticas p\u00fablicas,<\/strong> entre la ciudadan\u00eda organizada y no organizada, y la administraci\u00f3n p\u00fablica.<\/p>\n\n\n\n<p class=\"has-medium-font-size\">Quiere ser, tambi\u00e9n, un espacio <strong>accesible a todas las personas<\/strong> que habitan la ciudad, donde haya informaci\u00f3n y rendici\u00f3n de cuentas por parte de la administraci\u00f3n local.<\/p>\n\n\n\n<p class=\"has-text-color has-medium-font-size has-very-dark-gray-color\">Hay que tener en cuenta, sin embargo, que no solo se trata de aprobar una normativa, sino de c\u00f3mo se desarrolla, c\u00f3mo se realiza y c\u00f3mo se lleva a cabo un <strong>plan de comunicaci\u00f3n efectivo,<\/strong> y un <strong>plan de participaci\u00f3n permanente,<\/strong> que facilite<strong>.  <\/strong><\/p>\n\n\n\n<p class=\"has-text-color has-medium-font-size has-very-dark-gray-color\">Y hay que ser consciente de que <strong>no basta con poner estas cosas en un papel.  <\/strong> Si formas parte de una asociaci\u00f3n, adem\u00e1s, sabes que l<strong>os espacios de participaci\u00f3n no se sostienen solos. No disponemos de una gran cultura de la participaci\u00f3n porque son muchas d\u00e9cadas de d\u00e9ficit<\/strong> las que llevamos a cuestas, y el sistema educativo no la favorece en absoluto.   <\/p>\n\n\n\n<p class=\"has-text-color has-medium-font-size has-very-dark-gray-color\"><strong>Todo esto cuesta dinero y, hasta el momento, facilitar la participaci\u00f3n de la ciudadan\u00eda no se considera una prioridad<\/strong>, adem\u00e1s de que no todos los grupos pol\u00edticos (ni ahora, ni antes, ni despu\u00e9s) comparten la misma visi\u00f3n de lo que quieren que sea la participaci\u00f3n de la ciudadan\u00eda,  lo que se visibiliza, entre otras cuestiones, en que algunos de los procesos denominados participativos por distintas administraciones no lo son tanto y, eso, ya supone un lastre.  <\/p>\n\n\n\n<p class=\"has-medium-font-size\">De modo que, para que las personas y las entidades quieran participar en un espacio como el Foro Local, es necesario primero que se conozca su existencia, y despu\u00e9s que se vea que sirve para algo\u2026<\/p>\n\n\n\n<h2 class=\"wp-block-heading\"><strong>Para qu\u00e9 nos puede servir el Foro Local en nuestra vida, en la ciudad<\/strong><\/h2>\n\n\n\n<p class=\"has-medium-font-size\">\u00bfPara qu\u00e9 nos puede servir el\nforo local? Para nada o para mucho, depende\u2026<\/p>\n\n\n\n<p class=\"has-medium-font-size\">Depende de si desde las juntas de distrito se potencian m\u00e1s como <strong>espacios referenciales y de rendici\u00f3n de cuentas, de interlocuci\u00f3n y concertaci\u00f3n<\/strong>, o si se trata solo de conseguir la imagen publicitaria que nos exigen desde Europa, al tiempo que se controla y regula al m\u00e1ximo la participaci\u00f3n ciudadana. <\/p>\n\n\n\n<p class=\"has-medium-font-size\">Y depende, tambi\u00e9n, de si desde la ciudadan\u00eda organizada se busca solo resolver cuestiones de gesti\u00f3n del d\u00eda a d\u00eda, o se tiende m\u00e1s a <strong>desbordar el propio espacio, apropi\u00e1rselo tomando iniciativas de co-gesti\u00f3n y de autogesti\u00f3n desde la base\u2026<\/strong><\/p>\n\n\n\n<p class=\"has-medium-font-size\">En realidad, la cuesti\u00f3n es reconocer por parte de instituci\u00f3n y ciudadan\u00eda que<strong> <\/strong>el poder de cambiar las cosas ya no puede seguir estando \u00fanicamente en manos de la instituci\u00f3n. Que todas queremos ser responsables en la b\u00fasqueda de soluciones a los problemas del d\u00eda a d\u00eda, en las planificaciones a medio y largo plazo, en la toma de decisiones y en el seguimiento de lo acordado. Y eso implica, necesariamente,<strong> una redistribuci\u00f3n del poder de decisi\u00f3n sobre las pol\u00edticas y sobre las prioridades presupuestarias, que incorpore la iniciativa ciudadana. <\/strong><\/p>\n\n\n\n<h2 class=\"wp-block-heading\">C\u00f3mo podemos llevar la iniciativa ciudadana en el Foro Local<\/h2>\n\n\n\n<p class=\"has-medium-font-size\">En todos los espacios participativos ciudadanos hay personas que saben m\u00e1s de unas u otras cuestiones, pero <strong>todas somos expertas vivenciales<\/strong>, vivimos en un territorio, con vecinas y vecinos, con experiencias concretas, con relaciones diversas y, adem\u00e1s, aprendemos con la pr\u00e1ctica colectiva. Tambi\u00e9n en estos espacios hay personas que tienen m\u00e1s disponibilidad para dedicarle m\u00e1s tiempo a esta parte de nuestra vida, y personas que tienen menos disponibilidad. Pero <strong>todas podemos aportar de diferentes maneras y en diferentes momentos<\/strong>.<\/p>\n\n\n\n<p class=\"has-medium-font-size\">Esto sucede en las asociaciones, y sucede en el foro local. Las personas que nos organizamos para trabajar de forma colectiva en lo com\u00fan somos diversas, y <strong>lo que nos une es el objetivo de mejorar nuestras vidas desde la solidaridad y la equidad, la interdependencia entre nosotras y la ecodependencia con el planeta.<\/strong><\/p>\n\n\n\n<p class=\"has-medium-font-size\">Las personas que estamos en asociaciones vecinales tenemos, adem\u00e1s, el reto de impulsar estos espacios colectivos, adem\u00e1s de nuestros espacios asociativos, cosa que no siempre es f\u00e1cil,  porque en muchos casos y ocasiones supone duplicar nuestros esfuerzos. <\/p>\n\n\n\n<p class=\"has-medium-font-size\">Y no tiene por qu\u00e9 ser as\u00ed si adoptamos otra perspectiva asociativa y del trabajo en com\u00fan. Se tratar\u00eda de vernos en el foro local como <strong>grupos motores barriales y distritales<\/strong>, ofreciendo una visi\u00f3n global y articulada de los problemas y demandas ciudadanas, que permita abandonar la respuesta f\u00e1cil, la competici\u00f3n o la b\u00fasqueda de la representatividad o liderazgo de cada cual. <\/p>\n\n\n\n<p class=\"has-medium-font-size\">Si lo conseguimos, estaremos en el buen camino para que el foro haga cosas  que nos sirvan para mejorar y cambiar\u2026  <strong>porque el hacer, para que sea transformador no puede ser individual, sino colectivo<\/strong>. <\/p>\n","protected":false},"excerpt":{"rendered":"<p>Los foros locales se crean a finales del a\u00f1o 2016 con el objetivo de sustituir a los consejos territoriales, como \u00f3rgano de participaci\u00f3n ciudadana, en el marco del ROPC (Reglamento Org\u00e1nico de Participaci\u00f3n Ciudadana) del Ayuntamiento de Madrid, aprobado en el pleno del mes de mayo de 2004 Una vez publicado el Reglamento de Funcionamiento [&hellip;]<\/p>\n","protected":false},"author":5,"featured_media":0,"parent":0,"menu_order":11,"comment_status":"closed","ping_status":"closed","template":"","meta":[],"jetpack_sharing_enabled":true,"_links":{"self":[{"href":"https:\/\/fuencactiva.org\/index.php?rest_route=\/wp\/v2\/pages\/1970"}],"collection":[{"href":"https:\/\/fuencactiva.org\/index.php?rest_route=\/wp\/v2\/pages"}],"about":[{"href":"https:\/\/fuencactiva.org\/index.php?rest_route=\/wp\/v2\/types\/page"}],"author":[{"embeddable":true,"href":"https:\/\/fuencactiva.org\/index.php?rest_route=\/wp\/v2\/users\/5"}],"replies":[{"embeddable":true,"href":"https:\/\/fuencactiva.org\/index.php?rest_route=%2Fwp%2Fv2%2Fcomments&post=1970"}],"version-history":[{"count":18,"href":"https:\/\/fuencactiva.org\/index.php?rest_route=\/wp\/v2\/pages\/1970\/revisions"}],"predecessor-version":[{"id":3514,"href":"https:\/\/fuencactiva.org\/index.php?rest_route=\/wp\/v2\/pages\/1970\/revisions\/3514"}],"wp:attachment":[{"href":"https:\/\/fuencactiva.org\/index.php?rest_route=%2Fwp%2Fv2%2Fmedia&parent=1970"}],"curies":[{"name":"wp","href":"https:\/\/api.w.org\/{rel}","templated":true}]}}

<p class="has-medium-font-size"> Los <strong><a href="https://transparencia.madrid.es/portales/transparencia/es/Relacion-con-la-ciudadania/Participacion-de-la-ciudadania/Foros-locales/?vgnextfmt=default&amp;vgnextchannel=999591339a6a3610VgnVCM2000001f4a900aRCRD" target="_blank" rel="noreferrer noopener" aria-label="foros locales (se abre en una nueva pestaña)">foros locales</a></strong> se crean a finales del año 2016 con el objetivo de sustituir a los consejos territoriales, como órgano de participación ciudadana, en el marco del <strong><a rel="noreferrer noopener" href="http://fuencactiva.org/wp-content/uploads/2019/07/reglamentoOrganicoParticipacionCiudadanaBOCMmayo18.pdf" target="_blank">ROPC (Reglamento Orgánico de Participación Ciudadana)</a></strong> del Ayuntamiento de Madrid, aprobado en el pleno del mes de mayo de 2004 </p>



<p class="has-medium-font-size"> Una vez publicado el <a rel="noreferrer noopener" href="http://fuencactiva.org/wp-content/uploads/2019/07/boamReglamentoFuncionamientoFFLLdic16.pdf" target="_blank"><strong>Reglamento de Funcionamiento de los FFLL</strong></a>, en febrero del 2017 se constituyó en todos los distritos el Foro Local, que ha estado activo hasta el cambio de legislatura, en junio del 2019, aunque las mesas y grupos de trabajo han continuado realizando sus tareas durante todo el año.  </p>



<p class="has-medium-font-size">La constitución del nuevo foro se hace en un plenario, en el que participan las personas y entidades que previamente se han inscrito, y que está presidido por la persona que ostenta la concejalía del distrito.</p>



<p class="has-medium-font-size">En el plenario de constitución se elige una vicepresidencia y suplencia, y se constituyen las mesas que se proponen y acuerdan, por parte de las personas y entidades presentes, junto con las personas que van a coordinarlas. Todas ellas conforman la Comisión Permanente, órgano de coordinación, impulso y gestión de la actividad del foro entre plenarios. </p>



<h2 class="wp-block-heading"><strong>Qué son los foros locales</strong></h2>



<p class="has-medium-font-size">El foro local, dice el reglamento, quiere ser un <strong>espacio público de encuentro, dialogo, deliberación, concertación, propuesta y evaluación de políticas públicas,</strong> entre la ciudadanía organizada y no organizada, y la administración pública.</p>



<p class="has-medium-font-size">Quiere ser, también, un espacio <strong>accesible a todas las personas</strong> que habitan la ciudad, donde haya información y rendición de cuentas por parte de la administración local.</p>



<p class="has-text-color has-medium-font-size has-very-dark-gray-color">Hay que tener en cuenta, sin embargo, que no solo se trata de aprobar una normativa, sino de cómo se desarrolla, cómo se realiza y cómo se lleva a cabo un <strong>plan de comunicación efectivo,</strong> y un <strong>plan de participación permanente,</strong> que facilite<strong>.  </strong></p>



<p class="has-text-color has-medium-font-size has-very-dark-gray-color">Y hay que ser consciente de que <strong>no basta con poner estas cosas en un papel.  </strong> Si formas parte de una asociación, además, sabes que l<strong>os espacios de participación no se sostienen solos. No disponemos de una gran cultura de la participación porque son muchas décadas de déficit</strong> las que llevamos a cuestas, y el sistema educativo no la favorece en absoluto.   </p>



<p class="has-text-color has-medium-font-size has-very-dark-gray-color"><strong>Todo esto cuesta dinero y, hasta el momento, facilitar la participación de la ciudadanía no se considera una prioridad</strong>, además de que no todos los grupos políticos (ni ahora, ni antes, ni después) comparten la misma visión de lo que quieren que sea la participación de la ciudadanía,  lo que se visibiliza, entre otras cuestiones, en que algunos de los procesos denominados participativos por distintas administraciones no lo son tanto y, eso, ya supone un lastre.  </p>



<p class="has-medium-font-size">De modo que, para que las personas y las entidades quieran participar en un espacio como el Foro Local, es necesario primero que se conozca su existencia, y después que se vea que sirve para algo…</p>



<h2 class="wp-block-heading"><strong>Para qué nos puede servir el Foro Local en nuestra vida, en la ciudad</strong></h2>



<p class="has-medium-font-size">¿Para qué nos puede servir el
foro local? Para nada o para mucho, depende…</p>



<p class="has-medium-font-size">Depende de si desde las juntas de distrito se potencian más como <strong>espacios referenciales y de rendición de cuentas, de interlocución y concertación</strong>, o si se trata solo de conseguir la imagen publicitaria que nos exigen desde Europa, al tiempo que se controla y regula al máximo la participación ciudadana. </p>



<p class="has-medium-font-size">Y depende, también, de si desde la ciudadanía organizada se busca solo resolver cuestiones de gestión del día a día, o se tiende más a <strong>desbordar el propio espacio, apropiárselo tomando iniciativas de co-gestión y de autogestión desde la base…</strong></p>



<p class="has-medium-font-size">En realidad, la cuestión es reconocer por parte de institución y ciudadanía que<strong> </strong>el poder de cambiar las cosas ya no puede seguir estando únicamente en manos de la institución. Que todas queremos ser responsables en la búsqueda de soluciones a los problemas del día a día, en las planificaciones a medio y largo plazo, en la toma de decisiones y en el seguimiento de lo acordado. Y eso implica, necesariamente,<strong> una redistribución del poder de decisión sobre las políticas y sobre las prioridades presupuestarias, que incorpore la iniciativa ciudadana. </strong></p>



<h2 class="wp-block-heading">Cómo podemos llevar la iniciativa ciudadana en el Foro Local</h2>



<p class="has-medium-font-size">En todos los espacios participativos ciudadanos hay personas que saben más de unas u otras cuestiones, pero <strong>todas somos expertas vivenciales</strong>, vivimos en un territorio, con vecinas y vecinos, con experiencias concretas, con relaciones diversas y, además, aprendemos con la práctica colectiva. También en estos espacios hay personas que tienen más disponibilidad para dedicarle más tiempo a esta parte de nuestra vida, y personas que tienen menos disponibilidad. Pero <strong>todas podemos aportar de diferentes maneras y en diferentes momentos</strong>.</p>



<p class="has-medium-font-size">Esto sucede en las asociaciones, y sucede en el foro local. Las personas que nos organizamos para trabajar de forma colectiva en lo común somos diversas, y <strong>lo que nos une es el objetivo de mejorar nuestras vidas desde la solidaridad y la equidad, la interdependencia entre nosotras y la ecodependencia con el planeta.</strong></p>



<p class="has-medium-font-size">Las personas que estamos en asociaciones vecinales tenemos, además, el reto de impulsar estos espacios colectivos, además de nuestros espacios asociativos, cosa que no siempre es fácil,  porque en muchos casos y ocasiones supone duplicar nuestros esfuerzos. </p>



<p class="has-medium-font-size">Y no tiene por qué ser así si adoptamos otra perspectiva asociativa y del trabajo en común. Se trataría de vernos en el foro local como <strong>grupos motores barriales y distritales</strong>, ofreciendo una visión global y articulada de los problemas y demandas ciudadanas, que permita abandonar la respuesta fácil, la competición o la búsqueda de la representatividad o liderazgo de cada cual. </p>



<p class="has-medium-font-size">Si lo conseguimos, estaremos en el buen camino para que el foro haga cosas  que nos sirvan para mejorar y cambiar…  <strong>porque el hacer, para que sea transformador no puede ser individual, sino colectivo</strong>. </p>

<p>Los foros locales se crean a finales del año 2016 con el objetivo de sustituir a los consejos territoriales, como órgano de participación ciudadana, en el marco del ROPC (Reglamento Orgánico de Participación Ciudadana) del Ayuntamiento de Madrid, aprobado en el pleno del mes de mayo de 2004 Una vez publicado el Reglamento de Funcionamiento [&hellip;]</p>
