{"id":2183,"date":"2019-07-23T18:25:11","date_gmt":"2019-07-23T16:25:11","guid":{"rendered":"http:\/\/fuencactiva.org\/?page_id=2183"},"modified":"2019-12-25T12:39:32","modified_gmt":"2019-12-25T11:39:32","slug":"periodo-2017-2019","status":"publish","type":"page","link":"https:\/\/fuencactiva.org\/?page_id=2183","title":{"rendered":"Periodo 2017-2019"},"content":{"rendered":"\n<p class=\"has-text-color has-large-font-size has-vivid-red-color\"><strong>Distrito<\/strong><\/p>\n\n\n\n<p class=\"has-text-color has-medium-font-size has-vivid-red-color\"><strong>Plenarios<\/strong> <\/p>\n\n\n\n<p class=\"has-medium-font-size\">Hemos realizado un total de 7 plenarios del foro, incluyendo el de constituci\u00f3n, celebrado el 25 de febrero de 2017. El \u00faltimo foro, en marzo del 2019, fue especialmente significativo del aprendizaje que hemos realizado en este per\u00edodo. Aqu\u00ed puedes ver nuestra <strong><a rel=\"noreferrer noopener\" aria-label=\"l\u00ednea de tiempo. (abre en una nueva pesta\u00f1a)\" href=\"http:\/\/fuencactiva.org\/wp-content\/uploads\/2019\/08\/lineaTiempoForoFep18-19.jpg\" target=\"_blank\">l\u00ednea de tiempo.<\/a><\/strong><\/p>\n\n\n\n<p class=\"has-medium-font-size\">En este foro del 30 de marzo, trabajamos y priorizamos las propuestas que desde la ciudadan\u00eda del distrito aportamos al anteproyecto de presupuestos para el 2020 de la Junta Municipal, y que esperamos que la nueva corporaci\u00f3n lo haya recogido e incorporado. <strong><a rel=\"noreferrer noopener\" aria-label=\"Aqu\u00ed puedes ver el documento (abre en una nueva pesta\u00f1a)\" href=\"http:\/\/fuencactiva.org\/wp-content\/uploads\/2019\/08\/PropuestasForoAnteproyectoPresupuestos20-2.pdf\" target=\"_blank\">Aqu\u00ed puedes ver el documento<\/a><\/strong> que presentamos en registro el 14 de junio de 2019.<\/p>\n\n\n\n<p class=\"has-medium-font-size\">Y aqu\u00ed te dejamos algunos otros documentos informativos que hemos trabajado en los plenarios del foro del distrito:<\/p>\n\n\n\n<ul><li><strong><a rel=\"noreferrer noopener\" aria-label=\"Informe de la Cs Permanente al Plenario del Foro local, junio 2017 (abre en una nueva pesta\u00f1a)\" href=\"http:\/\/fuencactiva.org\/wp-content\/uploads\/2019\/08\/17InformePermanenteMesasAsambleaFL10jun.pdf\" target=\"_blank\">Informe de la Cs Permanente al Plenario del Foro local, junio 2017<\/a><\/strong><\/li><li><strong><a rel=\"noreferrer noopener\" aria-label=\"Informe de la Cs Permanente sobre el Presupuesto Municipal, al plenario del Foro local, junio 2017 (abre en una nueva pesta\u00f1a)\" href=\"http:\/\/fuencactiva.org\/wp-content\/uploads\/2019\/08\/17informeAnteproyectoPresupuestosForoLocal10jun.pdf\" target=\"_blank\">Informe de la Cs Permanente sobre el Presupuesto Municipal, al plenario del Foro local, junio 2017<\/a><\/strong><\/li><li><strong><a rel=\"noreferrer noopener\" aria-label=\"Intervenci\u00f3n de la Cs Permanente en el Plenario de Planificaci\u00f3n del Foro local, diciembre 2017 (abre en una nueva pesta\u00f1a)\" href=\"http:\/\/fuencactiva.org\/wp-content\/uploads\/2019\/08\/17IntervencionPermanenteFLdiciembre.pdf\" target=\"_blank\">Intervenci\u00f3n de la Cs Permanente en el Plenario de Planificaci\u00f3n del Foro local, diciembre 2017<\/a><\/strong><\/li><li><strong><a rel=\"noreferrer noopener\" aria-label=\"Logros y Retos del Foro local, febrero 2018 (abre en una nueva pesta\u00f1a)\" href=\"http:\/\/fuencactiva.org\/wp-content\/uploads\/2019\/08\/18LogrosRetosFLfebrero.pdf\" target=\"_blank\">Logros y Retos del Foro local, febrero 2018<\/a><\/strong><\/li><li><strong><a rel=\"noreferrer noopener\" aria-label=\"Memoria del Plenario de Presupuestos del Foro Local, junio 2018 (abre en una nueva pesta\u00f1a)\" href=\"http:\/\/fuencactiva.org\/wp-content\/uploads\/2019\/08\/18MemoriaFLFepPresupuestosJunio.pdf\" target=\"_blank\">Memoria del Plenario de Presupuestos del Foro Local, junio 2018<\/a><\/strong><\/li><li><strong><a rel=\"noreferrer noopener\" aria-label=\"Informe de la Cs Permanente al Plenario del Foro local, noviembre 2018 (abre en una nueva pesta\u00f1a)\" href=\"http:\/\/fuencactiva.org\/wp-content\/uploads\/2019\/08\/18InformePermanenteFL-nov.pdf\" target=\"_blank\">Informe de la Cs Permanente al Plenario del Foro local, noviembre 2018<\/a><\/strong><\/li><li><strong><a rel=\"noreferrer noopener\" aria-label=\"Informe de la Cs Permanente al Plenario del Foro local, marzo 2019 (abre en una nueva pesta\u00f1a)\" href=\"http:\/\/fuencactiva.org\/wp-content\/uploads\/2019\/08\/19informeCsPermanenteFLFep30Marzo.pdf\" target=\"_blank\">Informe de la Cs Permanente al Plenario del Foro local, marzo 2019<\/a><\/strong><\/li><li><strong><a rel=\"noreferrer noopener\" aria-label=\"Presentaci\u00f3n del Informe al Plenario del Foro local, marzo 2019 (abre en una nueva pesta\u00f1a)\" href=\"http:\/\/fuencactiva.org\/wp-content\/uploads\/2019\/08\/19presentacionCsPermanentePlenarioMarzo.pdf\" target=\"_blank\">Presentaci\u00f3n del Informe al Plenario del Foro local, marzo 2019<\/a><\/strong><\/li><li><strong><a href=\"http:\/\/fuencactiva.org\/wp-content\/uploads\/2019\/08\/19DeclaracionFLNO-HAY-PLANETA-B.pdf\" target=\"_blank\" rel=\"noreferrer noopener\" aria-label=\"No hay planeta B. Declaraci\u00f3n del Plenario del Foro local de marzo 2019 (abre en una nueva pesta\u00f1a)\">No hay planeta B. Declaraci\u00f3n del Plenario del Foro local de marzo 2019<\/a><\/strong><\/li><\/ul>\n\n\n\n<p class=\"has-text-color has-medium-font-size has-vivid-red-color\"><strong>Comisi\u00f3n Permanente<\/strong> <\/p>\n\n\n\n<p class=\"has-medium-font-size\">En el 2017 tuvimos 8 sesiones de trabajo de la Permanente entre marzo y diciembre. En el 2018 fueron 12 sesiones entre enero y diciembre. Y en el 2019 seis sesiones, entre enero y junio. Normalmente, la Comisi\u00f3n Permanente se ha reunido una vez al mes, excepto agosto, pero en alg\u00fan caso, hemos tenido alguna reuni\u00f3n extraordinaria. En este per\u00edodo a\u00fan no hemos conseguido funcionar como un grupo motor, actuando m\u00e1s como una coordinadora de mesas, y utiliz\u00e1ndola  para aquello para lo que necesariamente se requer\u00eda a este \u00f3rgano: acuerdos para presentar propuestas a los plenos de la Junta. Pero estamos en ello, y la experiencia nos invita  a seguir. <\/p>\n\n\n\n<p class=\"has-medium-font-size\">Aqu\u00ed te dejamos una relaci\u00f3n de las intervenciones que hemos realizado en los Plenos de Debate del distrito y de Presupuestos, as\u00ed como las proposiciones e intervenciones realizadas en los plenos ordinarios.<\/p>\n\n\n\n<ul><li><strong><a rel=\"noreferrer noopener\" aria-label=\"Intervenci\u00f3n en el debate del distrito, junio 2017 (abre en una nueva pesta\u00f1a)\" href=\"http:\/\/fuencactiva.org\/wp-content\/uploads\/2019\/08\/17DebateDistrito21jun.pdf\" target=\"_blank\">Intervenci\u00f3n en el debate del distrito, junio 2017<\/a><\/strong><\/li><li><strong><a rel=\"noreferrer noopener\" aria-label=\"Intervenci\u00f3n en el debate de Presupuestos del 2018, junio 2018 (abre en una nueva pesta\u00f1a)\" href=\"http:\/\/fuencactiva.org\/wp-content\/uploads\/2019\/08\/18DebatePresupuesto18Junio.pdf\" target=\"_blank\">Intervenci\u00f3n en el debate de Presupuestos del 2018, junio 2018<\/a><\/strong><\/li><li><strong><a rel=\"noreferrer noopener\" aria-label=\"Intervenci\u00f3n en el debate del distrito, octubre 2018 (abre en una nueva pesta\u00f1a)\" href=\"http:\/\/fuencactiva.org\/wp-content\/uploads\/2019\/08\/18DebateDistrito03octubre.pdf\" target=\"_blank\">Intervenci\u00f3n en el debate del distrito, octubre 2018<\/a><\/strong><\/li><li><strong><a rel=\"noreferrer noopener\" aria-label=\"Intervenci\u00f3n en el debate de presupuestos del 2019, noviembre 2018 (abre en una nueva pesta\u00f1a)\" href=\"http:\/\/fuencactiva.org\/wp-content\/uploads\/2019\/08\/18DebatePresupuesto19Nov.pdf\" target=\"_blank\">Intervenci\u00f3n en el debate de presupuestos del 2019, noviembre 2018<\/a><\/strong><\/li><li><strong><a href=\"http:\/\/fuencactiva.org\/wp-content\/uploads\/2019\/08\/19SeguimientoIniciativasPlenoCPForoLocalFep2017_2019.pdf\" target=\"_blank\" rel=\"noreferrer noopener\" aria-label=\"Cuadro de proposiciones e intervenciones en los plenos ordinarios 2017-2019 (abre en una nueva pesta\u00f1a)\">Cuadro de proposiciones e intervenciones en los plenos ordinarios 2017-2019<\/a><\/strong><\/li><\/ul>\n\n\n\n<p class=\"has-text-color has-medium-font-size has-vivid-red-color\"><strong>Mesas<\/strong> <\/p>\n\n\n\n<p class=\"has-medium-font-size\">De las 17 mesas y un grupo de trabajo constituidas inicialmente, hemos finalizado con <strong><a rel=\"noreferrer noopener\" aria-label=\"16 mesas (abre en una nueva pesta\u00f1a)\" href=\"http:\/\/fuencactiva.org\/wp-content\/uploads\/2019\/08\/ForoLocalFEP17-19.jpeg\" target=\"_blank\">16 mesas<\/a><\/strong>,  algunas de las cuales se han ido creando a lo largo de los meses anteriores, como es el caso de las dos mesas PIBA (Plan Integral de Barrio). Cada mesa ha tenido su propio recorrido, algunas han tenido cambios (cierres, aperturas) a lo largo del mismo, y otras no han encontrado a\u00fan el objeto de su trabajo, pero seguimos aprendiendo para llegar a ser capaces de realizar diagn\u00f3sticos de las tem\u00e1ticas y abordar as\u00ed planes de trabajo concretos que den el soporte que necesitamos. <\/p>\n\n\n\n<p class=\"has-medium-font-size\">Adem\u00e1s de las m\u00faltiples actividades que han realizado las mesas a lo largo de este tiempo, y que pueden verse en las im\u00e1genes de la l\u00ednea de tiempo, algunas mesas han trabajado algunas tem\u00e1ticas que han plasmado en documentos, y que creemos de inter\u00e9s colectivo, de forma que aqu\u00ed te rese\u00f1amos algunos. <\/p>\n\n\n\n<ul><li><strong><a href=\"http:\/\/fuencactiva.org\/wp-content\/uploads\/2019\/08\/Informe-5\u00aa-Torre-D.pdf\" target=\"_blank\" rel=\"noreferrer noopener\" aria-label=\"Informe sobre la Quinta Torre. Mesa de Auditoria de la Deuda, 2018 (abre en una nueva pesta\u00f1a)\">Informe sobre la Quinta Torre. Mesa de Auditoria de la Deuda, 2018<\/a><\/strong><\/li><li>Informe sobre la accesibilidad en la comunicaci\u00f3n. Mesa de Diversidad Funcional, 2018<\/li><li>Informe sobre movilidad en el distrito. Mesa de Urbanismo, Movilidad y Medio Ambiente, 2018<\/li><li>Criterios Sociales para la priorizaci\u00f3n de propuestas. Mesa de Presupuestos, 2017<\/li><\/ul>\n\n\n\n<p class=\"has-text-color has-medium-font-size has-vivid-red-color\"><strong>Asamblea de mesas<\/strong> <\/p>\n\n\n\n<p class=\"has-medium-font-size\">La experiencia del trabajo de las mesas y de la comisi\u00f3n permanente, nos sirvi\u00f3 para abrir este nuevo espacio, que aunque solo ha tenido dos sesiones, creemos que tiene un buen potencial, en la medida en que facilita el contacto entre las personas y colectivos que trabajan en las diferentes mesas. Al ser abierto y no tener la rigidez de los plenarios, permite profundizar en temas espec\u00edficos de inter\u00e9s com\u00fan. Estas sesiones nos han servido para realizar diferentes aproximaciones a la evaluaci\u00f3n del foro. Te dejamos con alguna informaci\u00f3n.<\/p>\n\n\n\n<ul><li><strong><a rel=\"noreferrer noopener\" aria-label=\"Autodiagn\u00f3stico. Dificultades. Noviembre 2018 (abre en una nueva pesta\u00f1a)\" href=\"http:\/\/fuencactiva.org\/wp-content\/uploads\/2019\/08\/AUTODIAGNOSTICO-dificultades.pdf\" target=\"_blank\">Autodiagn\u00f3stico. Dificultades. Noviembre 2018<\/a><\/strong><\/li><li><strong><a href=\"http:\/\/fuencactiva.org\/wp-content\/uploads\/2019\/08\/AUTODIAGNOSTICOpotencialidades.pdf\" target=\"_blank\" rel=\"noreferrer noopener\" aria-label=\"Autodiagn\u00f3stico. Potencialidades. Noviembre 2018 (abre en una nueva pesta\u00f1a)\">Autodiagn\u00f3stico. Potencialidades. Noviembre 2018<\/a><\/strong><\/li><li>Apuntes para la evaluaci\u00f3n de la red de foros. Febrero 2019<\/li><\/ul>\n\n\n\n<p class=\"has-text-color has-medium-font-size has-vivid-red-color\"><strong>Protocolo de Funcionamiento<\/strong> <\/p>\n\n\n\n<p class=\"has-medium-font-size\">A lo largo de estos meses, nuestras pr\u00e1cticas en cada uno de estos espacios de participaci\u00f3n, nos ha ido se\u00f1alando algunas cuestiones que, en el marco del Reglamento de Funcionamiento de los FFLL, pod\u00edan ser objeto de reflexi\u00f3n para mejorar nuestra forma de trabajar, de coordinarnos y, sobre todo, de impulsar la horizontalidad y la autogesti\u00f3n, que se encuentran con muchas dificultades, debido a nuestra escasa cultura participativa.<\/p>\n\n\n\n<p class=\"has-text-color has-medium-font-size has-very-dark-gray-color\">El resultado fue el acuerdo en la Cs Permanente de febrero del 2019, despu\u00e9s de haberse debatido en mesas y asamblea de mesas a lo largo del 2018, de un protocolo de funcionamiento del foro local  que esperamos nos sirva para seguir avanzando.<\/p>\n\n\n\n<p class=\"has-text-color has-medium-font-size has-vivid-red-color\"><strong><a rel=\"noreferrer noopener\" aria-label=\"Protocolo de Funcionamiento del Foro Local de Fuencarral El Pardo (se abre en una nueva pesta\u00f1a)\" href=\"http:\/\/fuencactiva.org\/wp-content\/uploads\/2019\/08\/ProtocoloFuncionamientoFLFepFeb19.pdf\" target=\"_blank\">Protocolo de Funcionamiento del Foro Local de Fuencarral El Pardo<\/a><\/strong> <\/p>\n\n\n\n<p class=\"has-text-color has-large-font-size has-vivid-red-color\"><strong>Ciudad<\/strong><\/p>\n\n\n\n<p class=\"has-medium-font-size\">En el \u00e1mbito de ciudad, ha estado funcionando la Red de Foros, en el marco del reglamento, y de una manera l\u00f3gica y consecuente, no prevista en dicho reglamento, se han ido constituyendo redes entre las mesas distritales que trabajan  en tem\u00e1ticas similares.<\/p>\n\n\n\n<p class=\"has-medium-font-size\">De la misma forma, ha estado funcionando una red de vicepresidencias, al margen de las convocatorias formales de la red de foros, como espacio de debate aut\u00f3nomo, que ha servido para pulir diferencias normales entre distritos, y facilitar la presentaci\u00f3n de posturas comunes a la administraci\u00f3n.<\/p>\n\n\n\n<p class=\"has-medium-font-size\">Desde el \u00c1rea correspondiente, adem\u00e1s, se ha mantenido abierta una <strong><a rel=\"noreferrer noopener\" aria-label=\"web de la red de foros  (abre en una nueva pesta\u00f1a)\" href=\"https:\/\/foroslocales.madrid.es\/\" target=\"_blank\">web de la red de foros <\/a><\/strong>que aunque con dificultades en su mantenimiento actualizado en relaci\u00f3n a los contenidos, ha servido para disponer de una cierta imagen y documentos de los diferentes foros locales.<\/p>\n\n\n\n<p class=\"has-medium-font-size\">En estos documentos puedes encontrar informaci\u00f3n resumida de la actividad de los foros locales.<\/p>\n\n\n\n<ul><li><strong><a rel=\"noreferrer noopener\" aria-label=\"Informe Anual 2017 (abre en una nueva pesta\u00f1a)\" href=\"http:\/\/fuencactiva.org\/wp-content\/uploads\/2019\/08\/Informe-Anual-FFLL-2017.pdf\" target=\"_blank\">Informe Anual 2017<\/a><\/strong><\/li><li><strong><a href=\"http:\/\/fuencactiva.org\/wp-content\/uploads\/2019\/08\/AGCTyCPS-Informe-Anual-FFLL-2018.pdf\" target=\"_blank\" rel=\"noreferrer noopener\" aria-label=\"Informe Anual 2018 (abre en una nueva pesta\u00f1a)\">Informe Anual 2018<\/a><\/strong><\/li><\/ul>\n","protected":false},"excerpt":{"rendered":"<p>Distrito Plenarios Hemos realizado un total de 7 plenarios del foro, incluyendo el de constituci\u00f3n, celebrado el 25 de febrero de 2017. El \u00faltimo foro, en marzo del 2019, fue especialmente significativo del aprendizaje que hemos realizado en este per\u00edodo. Aqu\u00ed puedes ver nuestra l\u00ednea de tiempo. En este foro del 30 de marzo, trabajamos [&hellip;]<\/p>\n","protected":false},"author":5,"featured_media":0,"parent":1970,"menu_order":0,"comment_status":"closed","ping_status":"closed","template":"","meta":[],"jetpack_sharing_enabled":true,"_links":{"self":[{"href":"https:\/\/fuencactiva.org\/index.php?rest_route=\/wp\/v2\/pages\/2183"}],"collection":[{"href":"https:\/\/fuencactiva.org\/index.php?rest_route=\/wp\/v2\/pages"}],"about":[{"href":"https:\/\/fuencactiva.org\/index.php?rest_route=\/wp\/v2\/types\/page"}],"author":[{"embeddable":true,"href":"https:\/\/fuencactiva.org\/index.php?rest_route=\/wp\/v2\/users\/5"}],"replies":[{"embeddable":true,"href":"https:\/\/fuencactiva.org\/index.php?rest_route=%2Fwp%2Fv2%2Fcomments&post=2183"}],"version-history":[{"count":34,"href":"https:\/\/fuencactiva.org\/index.php?rest_route=\/wp\/v2\/pages\/2183\/revisions"}],"predecessor-version":[{"id":3279,"href":"https:\/\/fuencactiva.org\/index.php?rest_route=\/wp\/v2\/pages\/2183\/revisions\/3279"}],"up":[{"embeddable":true,"href":"https:\/\/fuencactiva.org\/index.php?rest_route=\/wp\/v2\/pages\/1970"}],"wp:attachment":[{"href":"https:\/\/fuencactiva.org\/index.php?rest_route=%2Fwp%2Fv2%2Fmedia&parent=2183"}],"curies":[{"name":"wp","href":"https:\/\/api.w.org\/{rel}","templated":true}]}}