{"id":22,"date":"2015-07-31T22:34:51","date_gmt":"2015-07-31T20:34:51","guid":{"rendered":"https:\/\/fuencactiva.wordpress.com\/?page_id=22"},"modified":"2019-12-22T20:53:27","modified_gmt":"2019-12-22T19:53:27","slug":"recursos-publicos","status":"publish","type":"page","link":"https:\/\/fuencactiva.org\/?page_id=22","title":{"rendered":"Servicios p\u00fablicos"},"content":{"rendered":"\n<p class=\"has-medium-font-size\">El concepto y alcance de Servicio P\u00fablico tiene distintas acepciones, tanto en el \u00e1mbito jur\u00eddico, como en el \u00e1mbito pol\u00edtico (neoliberalismo, proteccionismo, socialdemocracia, socialismo&#8230;).  Y no vamos a entrar en ello aqu\u00ed.<\/p>\n\n\n\n<p class=\"has-medium-font-size\">Lo \u00fanico que mencionaremos es que, desde el punto de vista jur\u00eddico, pueden ser gestionados materialmente de forma directa por la propia Administraci\u00f3n, o indirectamente a trav\u00e9s de una empresa particular.  Y desde el punto de vista pol\u00edtico, por tanto, hay posiciones que promueven m\u00e1s la gesti\u00f3n directa y posiciones que promueven m\u00e1s la gesti\u00f3n indirecta. En cualquier caso, <strong>la titularidad de los servicios p\u00fablicos es siempre de la Administraci\u00f3n<\/strong>.<\/p>\n\n\n\n<p class=\"has-medium-font-size\">Desde hace varios a\u00f1os, el Ayuntamiento de Madrid realiza una <strong><a rel=\"noreferrer noopener\" aria-label=\"Encuesta de Calidad de Vida y Satisfacci\u00f3n con los Servicios P\u00fablicos (se abre en una nueva pesta\u00f1a)\" href=\"https:\/\/transparencia.madrid.es\/portales\/transparencia\/es\/Relacion-con-la-ciudadania\/Percepcion-ciudadana\/Encuesta-de-Calidad-de-Vida-y-Satisfaccion-con-los-Servicios-Publicos\/?vgnextfmt=default&amp;vgnextchannel=5021b8663351c510VgnVCM1000001d4a900aRCRD\" target=\"_blank\">Encuesta de Calidad de Vida y Satisfacci\u00f3n con los Servicios P\u00fablicos<\/a><\/strong>, donde se pueden ver numerosos datos relacionados en el \u00e1mbito de la ciudad, de cada distrito y comparativas entre diferentes a\u00f1os y diferentes ciudades.<\/p>\n\n\n\n<p class=\"has-medium-font-size\">Aqu\u00ed puedes ver el <strong><a rel=\"noreferrer noopener\" aria-label=\"informe global de resultados de la encuesta realizada en el 2019 (se abre en una nueva pesta\u00f1a)\" href=\"https:\/\/transparencia.madrid.es\/UnidadesDescentralizadas\/Calidad\/Observatorio_Ciudad\/06_S_Percepcion\/EncuestasCalidad\/EncuestaMadrides\/ficheros\/2019\/INFORME%20RESULTADOS_ECVSSP2019.pdf\" target=\"_blank\">informe global de resultados de la encuesta realizada en el 2019<\/a><\/strong>.<\/p>\n\n\n\n<p class=\"has-medium-font-size\">Tambi\u00e9n est\u00e1 disponible un <strong><a rel=\"noreferrer noopener\" aria-label=\"informe interdistrital (se abre en una nueva pesta\u00f1a)\" href=\"https:\/\/transparencia.madrid.es\/UnidadesDescentralizadas\/Calidad\/Observatorio_Ciudad\/06_S_Percepcion\/EncuestasCalidad\/EncuestaMadrides\/ficheros\/2019\/Informeinterdistrital_2019.pdf\" target=\"_blank\">informe interdistrital<\/a><\/strong>, as\u00ed como informes de cada distrito. Aqu\u00ed puedes ver el correspondiente al <strong><a rel=\"noreferrer noopener\" aria-label=\"distrito de Fuencarral El Pardo (se abre en una nueva pesta\u00f1a)\" href=\"https:\/\/transparencia.madrid.es\/UnidadesDescentralizadas\/Calidad\/Observatorio_Ciudad\/06_S_Percepcion\/EncuestasCalidad\/EncuestaMadrides\/ficheros\/2019\/InformesDistritoaDistrito\/Informe%20Distrito%20Fuencarral-El%20Pardo%202019.pdf\" target=\"_blank\">distrito de Fuencarral El Pardo<\/a><\/strong>. <\/p>\n\n\n\n<p class=\"has-medium-font-size\">Las \u00e1reas de gobierno tambi\u00e9n disponen de informes espec\u00edficos, as\u00ed como informes de cruces de diferentes variables. Todo ello puedes verlo <strong><a rel=\"noreferrer noopener\" aria-label=\"aqu\u00ed (se abre en una nueva pesta\u00f1a)\" href=\"https:\/\/transparencia.madrid.es\/portales\/transparencia\/es\/Relacion-con-la-ciudadania\/Percepcion-ciudadana\/Encuesta-de-Calidad-de-Vida-y-Satisfaccion-con-los-Servicios-Publicos\/Edicion-2019\/?vgnextfmt=default&amp;vgnextoid=7d062d7c2bd6a610VgnVCM2000001f4a900aRCRD&amp;vgnextchannel=5021b8663351c510VgnVCM1000001d4a900aRCRD\" target=\"_blank\">aqu\u00ed<\/a><\/strong>.<\/p>\n\n\n\n<p class=\"has-medium-font-size\">En <strong><a href=\"https:\/\/datos.madrid.es\/portal\/site\/egob\/menuitem.c05c1f754a33a9fbe4b2e4b284f1a5a0\/?vgnextoid=4aed760a20cd0510VgnVCM1000000b205a0aRCRD&amp;vgnextchannel=374512b9ace9f310VgnVCM100000171f5a0aRCRD&amp;vgnextfmt=default\" target=\"_blank\" rel=\"noreferrer noopener\" aria-label=\"datos abiertos (se abre en una nueva pesta\u00f1a)\">datos abiertos<\/a><\/strong> puedes acceder tambi\u00e9n a los resultados en formato reutilizable desde el 2006, a\u00f1o en el que se realiz\u00f3 por primera vez la encuesta.<\/p>\n\n\n\n<p class=\"has-medium-font-size\"> <\/p>\n","protected":false},"excerpt":{"rendered":"<p>El concepto y alcance de Servicio P\u00fablico tiene distintas acepciones, tanto en el \u00e1mbito jur\u00eddico, como en el \u00e1mbito pol\u00edtico (neoliberalismo, proteccionismo, socialdemocracia, socialismo&#8230;). Y no vamos a entrar en ello aqu\u00ed. Lo \u00fanico que mencionaremos es que, desde el punto de vista jur\u00eddico, pueden ser gestionados materialmente de forma directa por la propia Administraci\u00f3n, [&hellip;]<\/p>\n","protected":false},"author":5,"featured_media":0,"parent":0,"menu_order":15,"comment_status":"closed","ping_status":"closed","template":"","meta":[],"jetpack_sharing_enabled":true,"_links":{"self":[{"href":"https:\/\/fuencactiva.org\/index.php?rest_route=\/wp\/v2\/pages\/22"}],"collection":[{"href":"https:\/\/fuencactiva.org\/index.php?rest_route=\/wp\/v2\/pages"}],"about":[{"href":"https:\/\/fuencactiva.org\/index.php?rest_route=\/wp\/v2\/types\/page"}],"author":[{"embeddable":true,"href":"https:\/\/fuencactiva.org\/index.php?rest_route=\/wp\/v2\/users\/5"}],"replies":[{"embeddable":true,"href":"https:\/\/fuencactiva.org\/index.php?rest_route=%2Fwp%2Fv2%2Fcomments&post=22"}],"version-history":[{"count":4,"href":"https:\/\/fuencactiva.org\/index.php?rest_route=\/wp\/v2\/pages\/22\/revisions"}],"predecessor-version":[{"id":3261,"href":"https:\/\/fuencactiva.org\/index.php?rest_route=\/wp\/v2\/pages\/22\/revisions\/3261"}],"wp:attachment":[{"href":"https:\/\/fuencactiva.org\/index.php?rest_route=%2Fwp%2Fv2%2Fmedia&parent=22"}],"curies":[{"name":"wp","href":"https:\/\/api.w.org\/{rel}","templated":true}]}}