{"id":2509,"date":"2019-08-14T11:13:26","date_gmt":"2019-08-14T09:13:26","guid":{"rendered":"http:\/\/fuencactiva.org\/?page_id=2509"},"modified":"2019-12-22T17:38:31","modified_gmt":"2019-12-22T16:38:31","slug":"itinerarios-propositivos","status":"publish","type":"page","link":"https:\/\/fuencactiva.org\/?page_id=2509","title":{"rendered":"Gu\u00eda de Gesti\u00f3n Municipal"},"content":{"rendered":"\n<p class=\"has-medium-font-size\">Siendo esta web-gu\u00eda un espacio de informaci\u00f3n para la acci\u00f3n , resulta muy \u00fatil la <strong><a rel=\"noreferrer noopener\" aria-label=\"Gu\u00eda  de gesti\u00f3n municipal en tiempos de participaci\u00f3n ciudadana &quot;Quien la sigue la consigue&quot; (abre en una nueva pesta\u00f1a)\" href=\"https:\/\/foroslocales.madrid.es\/wp-content\/uploads\/2019\/03\/GuiaPlanificacion.pdf\" target=\"_blank\">Gu\u00eda  de gesti\u00f3n municipal en tiempos de participaci\u00f3n ciudadana \u00abQuien la sigue la consigue\u00bb<\/a><\/strong>, publicada por el \u00c1rea de Coordinaci\u00f3n Territorial, a finales de la legislatura anterior. En resumen, el contenido es el siguiente:<\/p>\n\n\n\n<p class=\"has-medium-font-size\"><strong>Aspectos generales de la planificaci\u00f3n de propuestas<\/strong>. C\u00f3mo hacer llegar una propuesta al Ayuntamiento, cu\u00e1les son las competencias municipales, c\u00f3mo se planifica la ejecuci\u00f3n de las propuestas y c\u00f3mo se ejecutan, especificando los pasos y plazos de cada uno. Esta informaci\u00f3n es \u00fatil para hacernos una idea del tiempo que se tardar\u00e1 en  ver realizada la propuesta que hacemos, desde el momento en que es aprobada por el pleno de la Junta o del Ayuntamiento, en su caso.<\/p>\n\n\n\n<p class=\"has-medium-font-size\"><strong>Ejemplos de planificaci\u00f3n de propuestas a realizar por el Ayuntamiento<\/strong>. Algunos ejemplos de construcci\u00f3n de equipamientos municipales, zonas verdes, v\u00edas p\u00fablicas, movilidad, servicios para realizaci\u00f3n de actividades culturales, deportivas o educativas.<\/p>\n\n\n\n<p class=\"has-medium-font-size\">En la Gu\u00eda tambi\u00e9n podemos ver los pasos a dar para la cesi\u00f3n a la ciudadan\u00eda de espacios municipales para el desarrollo de actividades puntuales en el espacio p\u00fablico, as\u00ed como los diferentes pasos y tiempos a la hora de elaborar o modificar textos normativos.<\/p>\n","protected":false},"excerpt":{"rendered":"<p>Siendo esta web-gu\u00eda un espacio de informaci\u00f3n para la acci\u00f3n , resulta muy \u00fatil la Gu\u00eda de gesti\u00f3n municipal en tiempos de participaci\u00f3n ciudadana \u00abQuien la sigue la consigue\u00bb, publicada por el \u00c1rea de Coordinaci\u00f3n Territorial, a finales de la legislatura anterior. En resumen, el contenido es el siguiente: Aspectos generales de la planificaci\u00f3n de [&hellip;]<\/p>\n","protected":false},"author":5,"featured_media":0,"parent":18,"menu_order":3,"comment_status":"closed","ping_status":"closed","template":"","meta":[],"jetpack_sharing_enabled":true,"_links":{"self":[{"href":"https:\/\/fuencactiva.org\/index.php?rest_route=\/wp\/v2\/pages\/2509"}],"collection":[{"href":"https:\/\/fuencactiva.org\/index.php?rest_route=\/wp\/v2\/pages"}],"about":[{"href":"https:\/\/fuencactiva.org\/index.php?rest_route=\/wp\/v2\/types\/page"}],"author":[{"embeddable":true,"href":"https:\/\/fuencactiva.org\/index.php?rest_route=\/wp\/v2\/users\/5"}],"replies":[{"embeddable":true,"href":"https:\/\/fuencactiva.org\/index.php?rest_route=%2Fwp%2Fv2%2Fcomments&post=2509"}],"version-history":[{"count":7,"href":"https:\/\/fuencactiva.org\/index.php?rest_route=\/wp\/v2\/pages\/2509\/revisions"}],"predecessor-version":[{"id":3244,"href":"https:\/\/fuencactiva.org\/index.php?rest_route=\/wp\/v2\/pages\/2509\/revisions\/3244"}],"up":[{"embeddable":true,"href":"https:\/\/fuencactiva.org\/index.php?rest_route=\/wp\/v2\/pages\/18"}],"wp:attachment":[{"href":"https:\/\/fuencactiva.org\/index.php?rest_route=%2Fwp%2Fv2%2Fmedia&parent=2509"}],"curies":[{"name":"wp","href":"https:\/\/api.w.org\/{rel}","templated":true}]}}