{"id":2955,"date":"2019-08-29T10:37:24","date_gmt":"2019-08-29T08:37:24","guid":{"rendered":"http:\/\/fuencactiva.org\/?page_id=2955"},"modified":"2019-12-22T19:14:24","modified_gmt":"2019-12-22T18:14:24","slug":"los-centros-sociales","status":"publish","type":"page","link":"https:\/\/fuencactiva.org\/?page_id=2955","title":{"rendered":"La REC"},"content":{"rendered":"\n<p class=\"has-medium-font-size\">La Red de Espacios Ciudadanos (REC) surge en el a\u00f1o 2015, desde las experiencias de gesti\u00f3n ciudadana del espacio p\u00fablico habidas en d\u00e9cadas anteriores en la ciudad de Madrid, y de las nuevas formas de abordar la cogesti\u00f3n del espacio urbano en otras ciudades de la pen\u00ednsula,  y de algunos otros pa\u00edses.<\/p>\n\n\n\n<p class=\"has-medium-font-size\">En enero de 2016, la <strong><a rel=\"noreferrer noopener\" aria-label=\"Red de espacios Ciudadanos (abre en una nueva pesta\u00f1a)\" href=\"http:\/\/www.espaciosciudadanos.org\/la-red\/\" target=\"_blank\">Red de Espacios Ciudadanos<\/a><\/strong> hace p\u00fablico el <strong><a rel=\"noreferrer noopener\" aria-label=\"MARCO COM\u00daN DE ESPACIOS DE GESTI\u00d3N CIUDADANA (abre en una nueva pesta\u00f1a)\" href=\"http:\/\/www.espaciosciudadanos.org\/wp-content\/uploads\/2016\/01\/Marco-Comun-v1-4.pdf\" target=\"_blank\">MARCO COM\u00daN DE ESPACIOS DE GESTI\u00d3N CIUDADANA<\/a><\/strong>, en el que se desarrollan las reflexiones realizadas y se dibuja una propuesta de proceso para unas nuevas relaciones entre la administraci\u00f3n y la ciudadan\u00eda en relaci\u00f3n a la cesi\u00f3n de espacios y lugares.<\/p>\n\n\n\n<p class=\"has-medium-font-size\">A pesar de ello, la nueva corporaci\u00f3n no la tiene en cuenta, y  publica, en febrero de 2016, las <strong><a rel=\"noreferrer noopener\" aria-label=\"directrices para la gesti\u00f3n de autorizaciones de uso de locales o inmuebles municipales a favor de entidades ciudadanas. (abre en una nueva pesta\u00f1a)\" href=\"http:\/\/fuencactiva.org\/wp-content\/uploads\/2019\/08\/boamDirectricesCesionUsoEspaciosFeb16.pdf\" target=\"_blank\">directrices para la gesti\u00f3n de autorizaciones de uso de locales o inmuebles municipales a favor de entidades ciudadanas.<\/a><\/strong><\/p>\n\n\n\n<p class=\"has-medium-font-size\">\n\nEn el distrito tenemos un espacio cedido en base a estas directrices, que es el <strong>Centro Social Autogestionado Playa Gata,<\/strong> en el barrio de Valverde.\n\n<\/p>\n\n\n\n<p class=\"has-medium-font-size\">La REC contin\u00faa trabajando para mejorar y avanzar en los formatos de las cesiones de espacios p\u00fablicos, apoyando las necesidades de los diferentes espacios.<\/p>\n\n\n\n<p><\/p>\n","protected":false},"excerpt":{"rendered":"<p>La Red de Espacios Ciudadanos (REC) surge en el a\u00f1o 2015, desde las experiencias de gesti\u00f3n ciudadana del espacio p\u00fablico habidas en d\u00e9cadas anteriores en la ciudad de Madrid, y de las nuevas formas de abordar la cogesti\u00f3n del espacio urbano en otras ciudades de la pen\u00ednsula, y de algunos otros pa\u00edses. En enero de [&hellip;]<\/p>\n","protected":false},"author":5,"featured_media":0,"parent":12,"menu_order":0,"comment_status":"closed","ping_status":"closed","template":"","meta":[],"jetpack_sharing_enabled":true,"_links":{"self":[{"href":"https:\/\/fuencactiva.org\/index.php?rest_route=\/wp\/v2\/pages\/2955"}],"collection":[{"href":"https:\/\/fuencactiva.org\/index.php?rest_route=\/wp\/v2\/pages"}],"about":[{"href":"https:\/\/fuencactiva.org\/index.php?rest_route=\/wp\/v2\/types\/page"}],"author":[{"embeddable":true,"href":"https:\/\/fuencactiva.org\/index.php?rest_route=\/wp\/v2\/users\/5"}],"replies":[{"embeddable":true,"href":"https:\/\/fuencactiva.org\/index.php?rest_route=%2Fwp%2Fv2%2Fcomments&post=2955"}],"version-history":[{"count":5,"href":"https:\/\/fuencactiva.org\/index.php?rest_route=\/wp\/v2\/pages\/2955\/revisions"}],"predecessor-version":[{"id":3254,"href":"https:\/\/fuencactiva.org\/index.php?rest_route=\/wp\/v2\/pages\/2955\/revisions\/3254"}],"up":[{"embeddable":true,"href":"https:\/\/fuencactiva.org\/index.php?rest_route=\/wp\/v2\/pages\/12"}],"wp:attachment":[{"href":"https:\/\/fuencactiva.org\/index.php?rest_route=%2Fwp%2Fv2%2Fmedia&parent=2955"}],"curies":[{"name":"wp","href":"https:\/\/api.w.org\/{rel}","templated":true}]}}

<p class="has-medium-font-size">La Red de Espacios Ciudadanos (REC) surge en el año 2015, desde las experiencias de gestión ciudadana del espacio público habidas en décadas anteriores en la ciudad de Madrid, y de las nuevas formas de abordar la cogestión del espacio urbano en otras ciudades de la península,  y de algunos otros países.</p>



<p class="has-medium-font-size">En enero de 2016, la <strong><a rel="noreferrer noopener" aria-label="Red de espacios Ciudadanos (abre en una nueva pestaña)" href="http://www.espaciosciudadanos.org/la-red/" target="_blank">Red de Espacios Ciudadanos</a></strong> hace público el <strong><a rel="noreferrer noopener" aria-label="MARCO COMÚN DE ESPACIOS DE GESTIÓN CIUDADANA (abre en una nueva pestaña)" href="http://www.espaciosciudadanos.org/wp-content/uploads/2016/01/Marco-Comun-v1-4.pdf" target="_blank">MARCO COMÚN DE ESPACIOS DE GESTIÓN CIUDADANA</a></strong>, en el que se desarrollan las reflexiones realizadas y se dibuja una propuesta de proceso para unas nuevas relaciones entre la administración y la ciudadanía en relación a la cesión de espacios y lugares.</p>



<p class="has-medium-font-size">A pesar de ello, la nueva corporación no la tiene en cuenta, y  publica, en febrero de 2016, las <strong><a rel="noreferrer noopener" aria-label="directrices para la gestión de autorizaciones de uso de locales o inmuebles municipales a favor de entidades ciudadanas. (abre en una nueva pestaña)" href="http://fuencactiva.org/wp-content/uploads/2019/08/boamDirectricesCesionUsoEspaciosFeb16.pdf" target="_blank">directrices para la gestión de autorizaciones de uso de locales o inmuebles municipales a favor de entidades ciudadanas.</a></strong></p>



<p class="has-medium-font-size">

En el distrito tenemos un espacio cedido en base a estas directrices, que es el <strong>Centro Social Autogestionado Playa Gata,</strong> en el barrio de Valverde.

</p>



<p class="has-medium-font-size">La REC continúa trabajando para mejorar y avanzar en los formatos de las cesiones de espacios públicos, apoyando las necesidades de los diferentes espacios.</p>



<p></p>

<p>La Red de Espacios Ciudadanos (REC) surge en el año 2015, desde las experiencias de gestión ciudadana del espacio público habidas en décadas anteriores en la ciudad de Madrid, y de las nuevas formas de abordar la cogestión del espacio urbano en otras ciudades de la península, y de algunos otros países. En enero de [&hellip;]</p>
