{"id":3368,"date":"2020-02-02T20:03:03","date_gmt":"2020-02-02T19:03:03","guid":{"rendered":"http:\/\/fuencactiva.org\/?page_id=3368"},"modified":"2021-08-29T19:56:07","modified_gmt":"2021-08-29T17:56:07","slug":"rema","status":"publish","type":"page","link":"https:\/\/fuencactiva.org\/?page_id=3368","title":{"rendered":"REMA"},"content":{"rendered":"\n<p class=\"has-medium-font-size\">La <strong><a rel=\"noreferrer noopener\" aria-label=\"Red de Espacios Autogestionados de Madrid (se abre en una nueva pesta\u00f1a)\" href=\"https:\/\/www.facebook.com\/Asamblea-REMA-103781471174935\/\" target=\"_blank\">Red de Espacios Autogestionados de Madrid<\/a><\/strong> surge a finales de 2019 a partir diferentes iniciativas auspiciadas desde la <strong><a rel=\"noreferrer noopener\" aria-label=\"REC (se abre en una nueva pesta\u00f1a)\" href=\"http:\/\/fuencactiva.org\/?page_id=2955\" target=\"_blank\">Red de Espacios Ciudadanos &#8211; REC<\/a><\/strong>, por un lado, y centros sociales con amenazas de desalojo que en los \u00faltimos meses del a\u00f1o comenzaron a conversar para pensar alternativas de forma colectiva.<\/p>\n\n\n\n<p class=\"has-medium-font-size\">Surge as\u00ed, REMA, que realiz\u00f3 su presentaci\u00f3n oficial en   enero del 2020 en el <strong><a rel=\"noreferrer noopener\" aria-label=\"Solar Maravillas (se abre en una nueva pesta\u00f1a)\" href=\"http:\/\/fuencactiva.org\/wp-content\/uploads\/2020\/02\/CartelSolarMaravillasManifiestoRema26enero20.jpg\" target=\"_blank\">Solar Maravillas<\/a><\/strong>, espacio con orden de desalojo inminente en esas fechas. En este acto se ley\u00f3 el <strong><a rel=\"noreferrer noopener\" aria-label=\"Manifiesto (se abre en una nueva pesta\u00f1a)\" href=\"http:\/\/fuencactiva.org\/wp-content\/uploads\/2020\/02\/Manifiesto-REMA.pdf\" target=\"_blank\">Manifiesto<\/a><\/strong> donde se exponen los principales objetivos de la red.<\/p>\n\n\n\n<p class=\"has-medium-font-size\">Rema se re\u00fane el primer mi\u00e9rcoles de mes y va rotando por los diferentes espacios integrados.<\/p>\n","protected":false},"excerpt":{"rendered":"<p>La Red de Espacios Autogestionados de Madrid surge a finales de 2019 a partir diferentes iniciativas auspiciadas desde la Red de Espacios Ciudadanos &#8211; REC, por un lado, y centros sociales con amenazas de desalojo que en los \u00faltimos meses del a\u00f1o comenzaron a conversar para pensar alternativas de forma colectiva. Surge as\u00ed, REMA, que [&hellip;]<\/p>\n","protected":false},"author":5,"featured_media":3751,"parent":12,"menu_order":4,"comment_status":"closed","ping_status":"closed","template":"","meta":[],"jetpack_sharing_enabled":true,"_links":{"self":[{"href":"https:\/\/fuencactiva.org\/index.php?rest_route=\/wp\/v2\/pages\/3368"}],"collection":[{"href":"https:\/\/fuencactiva.org\/index.php?rest_route=\/wp\/v2\/pages"}],"about":[{"href":"https:\/\/fuencactiva.org\/index.php?rest_route=\/wp\/v2\/types\/page"}],"author":[{"embeddable":true,"href":"https:\/\/fuencactiva.org\/index.php?rest_route=\/wp\/v2\/users\/5"}],"replies":[{"embeddable":true,"href":"https:\/\/fuencactiva.org\/index.php?rest_route=%2Fwp%2Fv2%2Fcomments&post=3368"}],"version-history":[{"count":2,"href":"https:\/\/fuencactiva.org\/index.php?rest_route=\/wp\/v2\/pages\/3368\/revisions"}],"predecessor-version":[{"id":3752,"href":"https:\/\/fuencactiva.org\/index.php?rest_route=\/wp\/v2\/pages\/3368\/revisions\/3752"}],"up":[{"embeddable":true,"href":"https:\/\/fuencactiva.org\/index.php?rest_route=\/wp\/v2\/pages\/12"}],"wp:featuredmedia":[{"embeddable":true,"href":"https:\/\/fuencactiva.org\/index.php?rest_route=\/wp\/v2\/media\/3751"}],"wp:attachment":[{"href":"https:\/\/fuencactiva.org\/index.php?rest_route=%2Fwp%2Fv2%2Fmedia&parent=3368"}],"curies":[{"name":"wp","href":"https:\/\/api.w.org\/{rel}","templated":true}]}}

<p class="has-medium-font-size">La <strong><a rel="noreferrer noopener" aria-label="Red de Espacios Autogestionados de Madrid (se abre en una nueva pestaña)" href="https://www.facebook.com/Asamblea-REMA-103781471174935/" target="_blank">Red de Espacios Autogestionados de Madrid</a></strong> surge a finales de 2019 a partir diferentes iniciativas auspiciadas desde la <strong><a rel="noreferrer noopener" aria-label="REC (se abre en una nueva pestaña)" href="http://fuencactiva.org/?page_id=2955" target="_blank">Red de Espacios Ciudadanos &#8211; REC</a></strong>, por un lado, y centros sociales con amenazas de desalojo que en los últimos meses del año comenzaron a conversar para pensar alternativas de forma colectiva.</p>



<p class="has-medium-font-size">Surge así, REMA, que realizó su presentación oficial en   enero del 2020 en el <strong><a rel="noreferrer noopener" aria-label="Solar Maravillas (se abre en una nueva pestaña)" href="http://fuencactiva.org/wp-content/uploads/2020/02/CartelSolarMaravillasManifiestoRema26enero20.jpg" target="_blank">Solar Maravillas</a></strong>, espacio con orden de desalojo inminente en esas fechas. En este acto se leyó el <strong><a rel="noreferrer noopener" aria-label="Manifiesto (se abre en una nueva pestaña)" href="http://fuencactiva.org/wp-content/uploads/2020/02/Manifiesto-REMA.pdf" target="_blank">Manifiesto</a></strong> donde se exponen los principales objetivos de la red.</p>



<p class="has-medium-font-size">Rema se reúne el primer miércoles de mes y va rotando por los diferentes espacios integrados.</p>

<p>La Red de Espacios Autogestionados de Madrid surge a finales de 2019 a partir diferentes iniciativas auspiciadas desde la Red de Espacios Ciudadanos &#8211; REC, por un lado, y centros sociales con amenazas de desalojo que en los últimos meses del año comenzaron a conversar para pensar alternativas de forma colectiva. Surge así, REMA, que [&hellip;]</p>
