{"id":3429,"date":"2020-07-04T11:11:27","date_gmt":"2020-07-04T09:11:27","guid":{"rendered":"http:\/\/fuencactiva.org\/?page_id=3429"},"modified":"2020-07-04T11:14:50","modified_gmt":"2020-07-04T09:14:50","slug":"auditorias","status":"publish","type":"page","link":"https:\/\/fuencactiva.org\/?page_id=3429","title":{"rendered":"Auditor\u00edas"},"content":{"rendered":"\n<p class=\"has-medium-font-size\"><a href=\"http:\/\/fuencactiva.org\/wp-content\/uploads\/2020\/07\/Gu\u00eda-metodologica-Auditor\u00eda.pdf\" target=\"_blank\" rel=\"noreferrer noopener\" aria-label=\"Auditor\u00edas ciudadanas municipales. Gu\u00eda metodol\u00f3gica (se abre en una nueva pesta\u00f1a)\"><strong>Auditor\u00edas ciudadanas municipales<\/strong>. <strong>Gu\u00eda metodol\u00f3gica<\/strong><\/a>. Equipo Andecha, 2017<\/p>\n\n\n\n<p class=\"has-medium-font-size\"><strong><a href=\"http:\/\/fuencactiva.org\/wp-content\/uploads\/2020\/07\/impactogenero.pdf\" target=\"_blank\" rel=\"noreferrer noopener\" aria-label=\"Estudio preliminar para medir el impacto de g\u00e9nero de las pol\u00edticas municipales en el periodo 2003-2015 (se abre en una nueva pesta\u00f1a)\">Estudio preliminar para medir el impacto de g\u00e9nero de las pol\u00edticas municipales en el periodo 2003-2015<\/a><\/strong>. Sara Mateos, Ayo de Madrid, 2016<\/p>\n\n\n\n<p class=\"has-medium-font-size\"><strong><a href=\"http:\/\/fuencactiva.org\/wp-content\/uploads\/2020\/07\/impactosocial.pdf\" target=\"_blank\" rel=\"noreferrer noopener\" aria-label=\"Una aproximaci\u00f3n al impacto social de las pol\u00edticas municipales del Ayuntamiento de Madrid. 2003-2015 (se abre en una nueva pesta\u00f1a)\">Una aproximaci\u00f3n al impacto social de las pol\u00edticas municipales del Ayuntamiento de Madrid. 2003-2015<\/a><\/strong>. Indaga, Ayuntamiento de Madrid, 2017<\/p>\n\n\n\n<p class=\"has-medium-font-size\"><a href=\"http:\/\/fuencactiva.org\/wp-content\/uploads\/2020\/07\/impecon.pdf\" target=\"_blank\" rel=\"noreferrer noopener\" aria-label=\"Impacto econ\u00f3mico de las pol\u00edticas municipales del Ayuntamiento de Madrid en el periodo 2003-2015. (se abre en una nueva pesta\u00f1a)\"><strong>Impacto econ\u00f3mico de las pol\u00edticas municipales del Ayuntamiento de Madrid en el periodo 2003-2015<\/strong>.<\/a> Razona, 2016<\/p>\n\n\n\n<p class=\"has-medium-font-size\"><a href=\"http:\/\/fuencactiva.org\/wp-content\/uploads\/2020\/07\/impmediamb.pdf\" target=\"_blank\" rel=\"noreferrer noopener\" aria-label=\"Estudio sobre el impacto ambiental de las pol\u00edticas municipales del Ayuntamiento de Madrid en el periodo 2003-2015 (se abre en una nueva pesta\u00f1a)\"><strong>Estudio sobre el impacto ambiental de las pol\u00edticas municipales del Ayuntamiento de Madrid en el periodo 2003-2015<\/strong><\/a>. Educando y Transitando, 2016<\/p>\n\n\n\n<p><\/p>\n","protected":false},"excerpt":{"rendered":"<p>Auditor\u00edas ciudadanas municipales. Gu\u00eda metodol\u00f3gica. Equipo Andecha, 2017 Estudio preliminar para medir el impacto de g\u00e9nero de las pol\u00edticas municipales en el periodo 2003-2015. Sara Mateos, Ayo de Madrid, 2016 Una aproximaci\u00f3n al impacto social de las pol\u00edticas municipales del Ayuntamiento de Madrid. 2003-2015. Indaga, Ayuntamiento de Madrid, 2017 Impacto econ\u00f3mico de las pol\u00edticas municipales [&hellip;]<\/p>\n","protected":false},"author":5,"featured_media":0,"parent":0,"menu_order":0,"comment_status":"closed","ping_status":"closed","template":"","meta":[],"jetpack_sharing_enabled":true,"_links":{"self":[{"href":"https:\/\/fuencactiva.org\/index.php?rest_route=\/wp\/v2\/pages\/3429"}],"collection":[{"href":"https:\/\/fuencactiva.org\/index.php?rest_route=\/wp\/v2\/pages"}],"about":[{"href":"https:\/\/fuencactiva.org\/index.php?rest_route=\/wp\/v2\/types\/page"}],"author":[{"embeddable":true,"href":"https:\/\/fuencactiva.org\/index.php?rest_route=\/wp\/v2\/users\/5"}],"replies":[{"embeddable":true,"href":"https:\/\/fuencactiva.org\/index.php?rest_route=%2Fwp%2Fv2%2Fcomments&post=3429"}],"version-history":[{"count":2,"href":"https:\/\/fuencactiva.org\/index.php?rest_route=\/wp\/v2\/pages\/3429\/revisions"}],"predecessor-version":[{"id":3436,"href":"https:\/\/fuencactiva.org\/index.php?rest_route=\/wp\/v2\/pages\/3429\/revisions\/3436"}],"wp:attachment":[{"href":"https:\/\/fuencactiva.org\/index.php?rest_route=%2Fwp%2Fv2%2Fmedia&parent=3429"}],"curies":[{"name":"wp","href":"https:\/\/api.w.org\/{rel}","templated":true}]}}

Auditorías

<p class="has-medium-font-size"><a href="http://fuencactiva.org/wp-content/uploads/2020/07/Guía-metodologica-Auditoría.pdf" target="_blank" rel="noreferrer noopener" aria-label="Auditorías ciudadanas municipales. Guía metodológica (se abre en una nueva pestaña)"><strong>Auditorías ciudadanas municipales</strong>. <strong>Guía metodológica</strong></a>. Equipo Andecha, 2017</p>



<p class="has-medium-font-size"><strong><a href="http://fuencactiva.org/wp-content/uploads/2020/07/impactogenero.pdf" target="_blank" rel="noreferrer noopener" aria-label="Estudio preliminar para medir el impacto de género de las políticas municipales en el periodo 2003-2015 (se abre en una nueva pestaña)">Estudio preliminar para medir el impacto de género de las políticas municipales en el periodo 2003-2015</a></strong>. Sara Mateos, Ayo de Madrid, 2016</p>



<p class="has-medium-font-size"><strong><a href="http://fuencactiva.org/wp-content/uploads/2020/07/impactosocial.pdf" target="_blank" rel="noreferrer noopener" aria-label="Una aproximación al impacto social de las políticas municipales del Ayuntamiento de Madrid. 2003-2015 (se abre en una nueva pestaña)">Una aproximación al impacto social de las políticas municipales del Ayuntamiento de Madrid. 2003-2015</a></strong>. Indaga, Ayuntamiento de Madrid, 2017</p>



<p class="has-medium-font-size"><a href="http://fuencactiva.org/wp-content/uploads/2020/07/impecon.pdf" target="_blank" rel="noreferrer noopener" aria-label="Impacto económico de las políticas municipales del Ayuntamiento de Madrid en el periodo 2003-2015. (se abre en una nueva pestaña)"><strong>Impacto económico de las políticas municipales del Ayuntamiento de Madrid en el periodo 2003-2015</strong>.</a> Razona, 2016</p>



<p class="has-medium-font-size"><a href="http://fuencactiva.org/wp-content/uploads/2020/07/impmediamb.pdf" target="_blank" rel="noreferrer noopener" aria-label="Estudio sobre el impacto ambiental de las políticas municipales del Ayuntamiento de Madrid en el periodo 2003-2015 (se abre en una nueva pestaña)"><strong>Estudio sobre el impacto ambiental de las políticas municipales del Ayuntamiento de Madrid en el periodo 2003-2015</strong></a>. Educando y Transitando, 2016</p>



<p></p>

<p>Auditorías ciudadanas municipales. Guía metodológica. Equipo Andecha, 2017 Estudio preliminar para medir el impacto de género de las políticas municipales en el periodo 2003-2015. Sara Mateos, Ayo de Madrid, 2016 Una aproximación al impacto social de las políticas municipales del Ayuntamiento de Madrid. 2003-2015. Indaga, Ayuntamiento de Madrid, 2017 Impacto económico de las políticas municipales [&hellip;]</p>
