{"id":3449,"date":"2020-07-04T12:59:51","date_gmt":"2020-07-04T10:59:51","guid":{"rendered":"http:\/\/fuencactiva.org\/?page_id=3449"},"modified":"2021-08-29T12:47:22","modified_gmt":"2021-08-29T10:47:22","slug":"foros-locales-2020","status":"publish","type":"page","link":"https:\/\/fuencactiva.org\/?page_id=3449","title":{"rendered":"Foros Locales 2020- 2021"},"content":{"rendered":"\n<p class=\"has-medium-font-size\">Los plenarios de constituci\u00f3n de los nuevos Foros Locales se realizaron entre el 24 de enero y el 4 de marzo de 2020.<\/p>\n\n\n\n<p class=\"has-medium-font-size\">Aunque la mayor\u00eda de distritos tuvieron la sesi\u00f3n constitutiva entre el 24 de enero y el 2 de febrero, por diferentes razones, el distrito de&nbsp;<strong>Carabanchel&nbsp;<\/strong>lo tuvo el jueves 21 de febrero, y el distrito de&nbsp;<strong>Fuencarral El Pardo<\/strong>&nbsp;el 4 de marzo.<\/p>\n\n\n\n<p class=\"has-medium-font-size\">Dado que una semana m\u00e1s tarde se decret\u00f3 el estado de alarma, no hubo tiempo para que en los distritos se realizase la primera reuni\u00f3n de las Comisiones Permanentes y tampoco tuvieron ocasi\u00f3n la mayor\u00eda de las mesas, de realizar una primera reuni\u00f3n. El&nbsp;<strong><a rel=\"noreferrer noopener\" href=\"http:\/\/fuencactiva.org\/wp-content\/uploads\/2020\/07\/Decreto-suspensi%C3%B3n-funcionamiento-de-las-juntas-municipales-de-Distrito.pdf\" target=\"_blank\">decreto del 10 de marzo del \u00e1rea<\/a><\/strong>&nbsp;suspendi\u00f3 el funcionamiento de los plenos de las juntas de distrito y de los foros hasta la finalizaci\u00f3n del estado de alarma.<\/p>\n\n\n\n<p class=\"has-medium-font-size\">Entre esa fecha y el 26 de junio, cuando un&nbsp;<strong><a rel=\"noreferrer noopener\" href=\"http:\/\/fuencactiva.org\/wp-content\/uploads\/2020\/07\/2020.06.23-Decreto-firm-levantamiento-suspensi%C3%B3n-Foros-Locales-de-los-Dsitritos.pd\" target=\"_blank\">nuevo decreto viene a levantar la suspensi\u00f3n<\/a><\/strong>, aunque con mantenimiento de las medidas cautelares sanitarias correspondientes, los foros locales han seguido funcionando de manera aut\u00f3noma a trav\u00e9s de las redes y utilizando herramientas digitales.<\/p>\n\n\n\n<p class=\"has-medium-font-size\">En el <strong><a rel=\"noreferrer noopener\" aria-label=\"anexo del decreto de reinicio de la actividad de los foros locales (se abre en una nueva pesta\u00f1a)\" href=\"http:\/\/fuencactiva.org\/wp-content\/uploads\/2020\/07\/2020.06.23-Decreto-firm-levantamiento-suspensi\u00f3n-Foros-Locales-de-los-Dsitritos.pdf\" target=\"_blank\">anexo del decreto de reinicio de la actividad de los foros locales<\/a><\/strong>, remitido por el \u00e1rea el 26 de junio, se establecen las medidas y formatos para la realizaci\u00f3n de las reuniones de las Comisiones Permanentes y de las mesas a lo largo del mes de julio, indicando que los plenarios deber\u00edan realizarse dentro del mismo mes.<\/p>\n\n\n\n<p class=\"has-medium-font-size\">Esta indicaci\u00f3n no fue acogida de forma positiva por la red de Vicepresidencias de los foros de los distritos, que enviaron un mensaje al \u00e1rea, procediendo \u00e9sta a la <strong><a rel=\"noreferrer noopener\" aria-label=\"modificaci\u00f3n del decreto (se abre en una nueva pesta\u00f1a)\" href=\"http:\/\/fuencactiva.org\/wp-content\/uploads\/2020\/07\/Foros_Locales_1_de_julio.pdf\" target=\"_blank\">modificaci\u00f3n del decreto<\/a><\/strong> con uno nuevo que pasa la celebraci\u00f3n del plenario al mes de octubre.<\/p>\n","protected":false},"excerpt":{"rendered":"<p>Los plenarios de constituci\u00f3n de los nuevos Foros Locales se realizaron entre el 24 de enero y el 4 de marzo de 2020. Aunque la mayor\u00eda de distritos tuvieron la sesi\u00f3n constitutiva entre el 24 de enero y el 2 de febrero, por diferentes razones, el distrito de&nbsp;Carabanchel&nbsp;lo tuvo el jueves 21 de febrero, y [&hellip;]<\/p>\n","protected":false},"author":5,"featured_media":0,"parent":1970,"menu_order":1,"comment_status":"closed","ping_status":"closed","template":"","meta":[],"jetpack_sharing_enabled":true,"_links":{"self":[{"href":"https:\/\/fuencactiva.org\/index.php?rest_route=\/wp\/v2\/pages\/3449"}],"collection":[{"href":"https:\/\/fuencactiva.org\/index.php?rest_route=\/wp\/v2\/pages"}],"about":[{"href":"https:\/\/fuencactiva.org\/index.php?rest_route=\/wp\/v2\/types\/page"}],"author":[{"embeddable":true,"href":"https:\/\/fuencactiva.org\/index.php?rest_route=\/wp\/v2\/users\/5"}],"replies":[{"embeddable":true,"href":"https:\/\/fuencactiva.org\/index.php?rest_route=%2Fwp%2Fv2%2Fcomments&post=3449"}],"version-history":[{"count":4,"href":"https:\/\/fuencactiva.org\/index.php?rest_route=\/wp\/v2\/pages\/3449\/revisions"}],"predecessor-version":[{"id":3722,"href":"https:\/\/fuencactiva.org\/index.php?rest_route=\/wp\/v2\/pages\/3449\/revisions\/3722"}],"up":[{"embeddable":true,"href":"https:\/\/fuencactiva.org\/index.php?rest_route=\/wp\/v2\/pages\/1970"}],"wp:attachment":[{"href":"https:\/\/fuencactiva.org\/index.php?rest_route=%2Fwp%2Fv2%2Fmedia&parent=3449"}],"curies":[{"name":"wp","href":"https:\/\/api.w.org\/{rel}","templated":true}]}}

<p class="has-medium-font-size">Los plenarios de constitución de los nuevos Foros Locales se realizaron entre el 24 de enero y el 4 de marzo de 2020.</p>



<p class="has-medium-font-size">Aunque la mayoría de distritos tuvieron la sesión constitutiva entre el 24 de enero y el 2 de febrero, por diferentes razones, el distrito de&nbsp;<strong>Carabanchel&nbsp;</strong>lo tuvo el jueves 21 de febrero, y el distrito de&nbsp;<strong>Fuencarral El Pardo</strong>&nbsp;el 4 de marzo.</p>



<p class="has-medium-font-size">Dado que una semana más tarde se decretó el estado de alarma, no hubo tiempo para que en los distritos se realizase la primera reunión de las Comisiones Permanentes y tampoco tuvieron ocasión la mayoría de las mesas, de realizar una primera reunión. El&nbsp;<strong><a rel="noreferrer noopener" href="http://fuencactiva.org/wp-content/uploads/2020/07/Decreto-suspensi%C3%B3n-funcionamiento-de-las-juntas-municipales-de-Distrito.pdf" target="_blank">decreto del 10 de marzo del área</a></strong>&nbsp;suspendió el funcionamiento de los plenos de las juntas de distrito y de los foros hasta la finalización del estado de alarma.</p>



<p class="has-medium-font-size">Entre esa fecha y el 26 de junio, cuando un&nbsp;<strong><a rel="noreferrer noopener" href="http://fuencactiva.org/wp-content/uploads/2020/07/2020.06.23-Decreto-firm-levantamiento-suspensi%C3%B3n-Foros-Locales-de-los-Dsitritos.pd" target="_blank">nuevo decreto viene a levantar la suspensión</a></strong>, aunque con mantenimiento de las medidas cautelares sanitarias correspondientes, los foros locales han seguido funcionando de manera autónoma a través de las redes y utilizando herramientas digitales.</p>



<p class="has-medium-font-size">En el <strong><a rel="noreferrer noopener" aria-label="anexo del decreto de reinicio de la actividad de los foros locales (se abre en una nueva pestaña)" href="http://fuencactiva.org/wp-content/uploads/2020/07/2020.06.23-Decreto-firm-levantamiento-suspensión-Foros-Locales-de-los-Dsitritos.pdf" target="_blank">anexo del decreto de reinicio de la actividad de los foros locales</a></strong>, remitido por el área el 26 de junio, se establecen las medidas y formatos para la realización de las reuniones de las Comisiones Permanentes y de las mesas a lo largo del mes de julio, indicando que los plenarios deberían realizarse dentro del mismo mes.</p>



<p class="has-medium-font-size">Esta indicación no fue acogida de forma positiva por la red de Vicepresidencias de los foros de los distritos, que enviaron un mensaje al área, procediendo ésta a la <strong><a rel="noreferrer noopener" aria-label="modificación del decreto (se abre en una nueva pestaña)" href="http://fuencactiva.org/wp-content/uploads/2020/07/Foros_Locales_1_de_julio.pdf" target="_blank">modificación del decreto</a></strong> con uno nuevo que pasa la celebración del plenario al mes de octubre.</p>

<p>Los plenarios de constitución de los nuevos Foros Locales se realizaron entre el 24 de enero y el 4 de marzo de 2020. Aunque la mayoría de distritos tuvieron la sesión constitutiva entre el 24 de enero y el 2 de febrero, por diferentes razones, el distrito de&nbsp;Carabanchel&nbsp;lo tuvo el jueves 21 de febrero, y [&hellip;]</p>
