{"id":3731,"date":"2021-08-29T13:16:00","date_gmt":"2021-08-29T11:16:00","guid":{"rendered":"http:\/\/fuencactiva.org\/?page_id=3731"},"modified":"2021-08-29T13:16:02","modified_gmt":"2021-08-29T11:16:02","slug":"trabajando-en-comun","status":"publish","type":"page","link":"https:\/\/fuencactiva.org\/?page_id=3731","title":{"rendered":"Trabajando en com\u00fan"},"content":{"rendered":"\n<p class=\"has-medium-font-size\"><strong><a href=\"http:\/\/fuencactiva.org\/wp-content\/uploads\/2020\/01\/19vecinxs1ParticipacionCiudadana.pdf\" target=\"_blank\" rel=\"noreferrer noopener\" aria-label=\"La participaci\u00f3n ciudadana y el trabajo comunitario (se abre en una nueva pesta\u00f1a)\">La participaci\u00f3n ciudadana y el trabajo comunitario<\/a><\/strong><\/p>\n\n\n\n<p class=\"has-medium-font-size\"><strong><a href=\"http:\/\/fuencactiva.org\/wp-content\/uploads\/2020\/01\/19vecinxs2Metodolog\u00edas.pdf\" target=\"_blank\" rel=\"noreferrer noopener\" aria-label=\"Metodolog\u00edas para la participaci\u00f3n y el trabajo comunitario (se abre en una nueva pesta\u00f1a)\">Metodolog\u00edas para la participaci\u00f3n y el trabajo comunitario<\/a><\/strong><\/p>\n\n\n\n<p class=\"has-medium-font-size\"><strong><a href=\"http:\/\/fuencactiva.org\/wp-content\/uploads\/2020\/01\/19vecinxs3Herramientas.pdf\" target=\"_blank\" rel=\"noreferrer noopener\" aria-label=\"Herramientas para la participaci\u00f3n (se abre en una nueva pesta\u00f1a)\">Herramientas para la participaci\u00f3n<\/a><\/strong><\/p>\n\n\n\n<p class=\"has-medium-font-size\"><strong><a href=\"http:\/\/fuencactiva.org\/wp-content\/uploads\/2020\/01\/19vecinxs4Comunicacion.pdf\" target=\"_blank\" rel=\"noreferrer noopener\" aria-label=\"La comunicaci\u00f3n no violenta (se abre en una nueva pesta\u00f1a)\">La comunicaci\u00f3n no violenta<\/a><\/strong><\/p>\n\n\n\n<p class=\"has-medium-font-size\"><strong><a href=\"http:\/\/fuencactiva.org\/wp-content\/uploads\/2020\/01\/19vecinxs5CiudadInclusiva.pdf\" target=\"_blank\" rel=\"noreferrer noopener\" aria-label=\"Ciudad inclusiva (se abre en una nueva pesta\u00f1a)\">Ciudad inclusiva<\/a><\/strong><\/p>\n\n\n\n<p class=\"has-medium-font-size\"><strong><a href=\"http:\/\/fuencactiva.org\/wp-content\/uploads\/2020\/01\/19vecinxs6Genero.pdf\" target=\"_blank\" rel=\"noreferrer noopener\" aria-label=\"Mujeres, g\u00e9nero, sexismo, diversidad, igualdad, feminismos... (se abre en una nueva pesta\u00f1a)\">Mujeres, g\u00e9nero, sexismo, diversidad, igualdad, feminismos&#8230;<\/a><\/strong><\/p>\n","protected":false},"excerpt":{"rendered":"<p>La participaci\u00f3n ciudadana y el trabajo comunitario Metodolog\u00edas para la participaci\u00f3n y el trabajo comunitario Herramientas para la participaci\u00f3n La comunicaci\u00f3n no violenta Ciudad inclusiva Mujeres, g\u00e9nero, sexismo, diversidad, igualdad, feminismos&#8230;<\/p>\n","protected":false},"author":5,"featured_media":0,"parent":2771,"menu_order":1,"comment_status":"closed","ping_status":"closed","template":"","meta":[],"jetpack_sharing_enabled":true,"_links":{"self":[{"href":"https:\/\/fuencactiva.org\/index.php?rest_route=\/wp\/v2\/pages\/3731"}],"collection":[{"href":"https:\/\/fuencactiva.org\/index.php?rest_route=\/wp\/v2\/pages"}],"about":[{"href":"https:\/\/fuencactiva.org\/index.php?rest_route=\/wp\/v2\/types\/page"}],"author":[{"embeddable":true,"href":"https:\/\/fuencactiva.org\/index.php?rest_route=\/wp\/v2\/users\/5"}],"replies":[{"embeddable":true,"href":"https:\/\/fuencactiva.org\/index.php?rest_route=%2Fwp%2Fv2%2Fcomments&post=3731"}],"version-history":[{"count":1,"href":"https:\/\/fuencactiva.org\/index.php?rest_route=\/wp\/v2\/pages\/3731\/revisions"}],"predecessor-version":[{"id":3733,"href":"https:\/\/fuencactiva.org\/index.php?rest_route=\/wp\/v2\/pages\/3731\/revisions\/3733"}],"up":[{"embeddable":true,"href":"https:\/\/fuencactiva.org\/index.php?rest_route=\/wp\/v2\/pages\/2771"}],"wp:attachment":[{"href":"https:\/\/fuencactiva.org\/index.php?rest_route=%2Fwp%2Fv2%2Fmedia&parent=3731"}],"curies":[{"name":"wp","href":"https:\/\/api.w.org\/{rel}","templated":true}]}}