{"id":555,"date":"2015-12-29T16:44:52","date_gmt":"2015-12-29T16:44:52","guid":{"rendered":"http:\/\/fuencactiva.org\/?page_id=555"},"modified":"2020-12-28T13:34:30","modified_gmt":"2020-12-28T12:34:30","slug":"pleno-del-ayuntamiento","status":"publish","type":"page","link":"https:\/\/fuencactiva.org\/?page_id=555","title":{"rendered":"Pleno del Ayuntamiento"},"content":{"rendered":"\n<p class=\"has-medium-font-size\">El Pleno del Ayuntamiento se re\u00fane mensualmente en sesi\u00f3n ordinaria.  <\/p>\n\n\n\n<p class=\"has-medium-font-size\">Aqu\u00ed puedes ver las <strong><a rel=\"noreferrer noopener\" aria-label=\"convocatorias y actas (abre en una nueva pesta\u00f1a)\" href=\"https:\/\/www.madrid.es\/portales\/munimadrid\/es\/Inicio\/El-Ayuntamiento\/El-Pleno\/Actividad-del-Pleno-y-las-Comisiones\/?vgnextfmt=default&amp;vgnextchannel=fa9e1f2f2b40e210VgnVCM2000000c205a0aRCRD&amp;vgnextoid=fa9e1f2f2b40e210VgnVCM2000000c205a0aRCRD\" target=\"_blank\">convocatorias<\/a><\/strong>.  Para seguir las retransmisiones en directo, tanto del pleno como de las comisiones, existe un canal de <a rel=\"noreferrer noopener\" aria-label=\"youtube (abre en una nueva pesta\u00f1a)\" href=\"https:\/\/www.youtube.com\/channel\/UC31vbF8LHb-jClgTPvA64IQ\" target=\"_blank\"><strong>youtube<\/strong><\/a> al que puedes suscribirte.  <\/p>\n\n\n\n<p class=\"has-medium-font-size\">Entre pleno y pleno se re\u00fanen las diferentes <strong>Comisiones<\/strong>, integradas por un n\u00famero determinado de miembros distribuidos entre los distintos grupos pol\u00edticos municipales. Actualmente, est\u00e1n compuestas por:<\/p>\n\n\n\n<p class=\"has-medium-font-size\">5 representantes del <a rel=\"noreferrer noopener\" aria-label=\"Grupo Municipal M\u00e1s Madrid (abre en una nueva pesta\u00f1a)\" href=\"https:\/\/transparencia.madrid.es\/portales\/transparencia\/es\/Organizacion\/El-Pleno\/Grupos-politicos\/Grupo-Municipal-Mas-Madrid\/?vgnextfmt=default&amp;vgnextoid=5674f230fb45b610VgnVCM1000001d4a900aRCRD&amp;vgnextchannel=0d12ad8d53a28510VgnVCM2000001f4a900aRCRD\" target=\"_blank\">Grupo Municipal M\u00e1s Madrid<\/a><\/p>\n\n\n\n<p class=\"has-medium-font-size\">4 del <a rel=\"noreferrer noopener\" aria-label=\"Grupo Municipal del Partido Popular (abre en una nueva pesta\u00f1a)\" href=\"https:\/\/transparencia.madrid.es\/portales\/transparencia\/es\/Organizacion\/El-Pleno\/Grupos-politicos\/Grupo-Municipal-del-Partido-Popular\/?vgnextfmt=default&amp;vgnextoid=56d3808b7905b610VgnVCM1000001d4a900aRCRD&amp;vgnextchannel=0d12ad8d53a28510VgnVCM2000001f4a900aRCRD\" target=\"_blank\">Grupo Municipal del Partido Popular<\/a><\/p>\n\n\n\n<p class=\"has-medium-font-size\">3 del <a rel=\"noreferrer noopener\" aria-label=\"Grupo Municipal Ciudadanos-Partido de la Ciudadan\u00eda (abre en una nueva pesta\u00f1a)\" href=\"https:\/\/transparencia.madrid.es\/portales\/transparencia\/es\/Organizacion\/El-Pleno\/Grupos-politicos\/Grupo-Municipal-Ciudadanos-Partido-de-la-Ciudadania\/?vgnextfmt=default&amp;vgnextoid=26546cddd264b610VgnVCM2000001f4a900aRCRD&amp;vgnextchannel=0d12ad8d53a28510VgnVCM2000001f4a900aRCRD\" target=\"_blank\">Grupo Municipal Ciudadanos-Partido de la Ciudadan\u00eda<\/a><\/p>\n\n\n\n<p class=\"has-medium-font-size\">2 del <a rel=\"noreferrer noopener\" aria-label=\"Grupo Municipal Socialista de Madrid (abre en una nueva pesta\u00f1a)\" href=\"https:\/\/transparencia.madrid.es\/portales\/transparencia\/es\/Organizacion\/El-Pleno\/Grupos-politicos\/Grupo-Municipal-Socialista-de-Madrid\/?vgnextfmt=default&amp;vgnextoid=77c0808b7905b610VgnVCM1000001d4a900aRCRD&amp;vgnextchannel=0d12ad8d53a28510VgnVCM2000001f4a900aRCRD\" target=\"_blank\">Grupo Municipal Socialista de Madrid<\/a>&nbsp;<\/p>\n\n\n\n<p class=\"has-medium-font-size\">1 del <a rel=\"noreferrer noopener\" aria-label=\"Grupo Municipal Vox (abre en una nueva pesta\u00f1a)\" href=\"https:\/\/transparencia.madrid.es\/portales\/transparencia\/es\/Organizacion\/El-Pleno\/Grupos-politicos\/Grupo-Municipal-VOX\/?vgnextfmt=default&amp;vgnextoid=97e084884ab4b610VgnVCM2000001f4a900aRCRD&amp;vgnextchannel=0d12ad8d53a28510VgnVCM2000001f4a900aRCRD\" target=\"_blank\">Grupo Municipal Vox<\/a><\/p>\n\n\n\n<h3 class=\"wp-block-heading\">Comisiones Permanentes<\/h3>\n\n\n\n<p class=\"has-medium-font-size\"><a rel=\"noreferrer noopener\" aria-label=\" (abre en una nueva pesta\u00f1a)\" href=\"https:\/\/transparencia.madrid.es\/portales\/transparencia\/es\/Organizacion\/El-Pleno\/Comisiones-del-Pleno\/Comision-Permanente-Ordinaria-de-Vicealcaldia\/?vgnextfmt=default&amp;vgnextoid=89ed5ad13ef2e410VgnVCM1000000b205a0aRCRD&amp;vgnextchannel=9419508929a56510VgnVCM1000008a4a900aRCRD\" target=\"_blank\">Comisi\u00f3n Permanente Ordinaria de Vicealcald\u00eda<\/a>&nbsp;&nbsp;&nbsp;&nbsp; <\/p>\n\n\n\n<p class=\"has-medium-font-size\">&nbsp;<a rel=\"noreferrer noopener\" aria-label=\" (abre en una nueva pesta\u00f1a)\" href=\"https:\/\/transparencia.madrid.es\/portales\/transparencia\/es\/Organizacion\/El-Pleno\/Comisiones-del-Pleno\/Comision-Permanente-Ordinaria-de-Portavoz-Seguridad-y-Emergencias\/?vgnextfmt=default&amp;vgnextoid=9a17cff9e428d010VgnVCM100000d90ca8c0RCRD&amp;vgnextchannel=9419508929a56510VgnVCM1000008a4a900aRCRD\" target=\"_blank\">Comisi\u00f3n Permanente Ordinaria de Portavoz, Seguridad y Emergencias<\/a>&nbsp;&nbsp;&nbsp;&nbsp; <\/p>\n\n\n\n<p class=\"has-medium-font-size\"><a rel=\"noreferrer noopener\" aria-label=\" (abre en una nueva pesta\u00f1a)\" href=\"https:\/\/transparencia.madrid.es\/portales\/transparencia\/es\/Organizacion\/El-Pleno\/Comisiones-del-Pleno\/Comision-Permanente-Ordinaria-de-Medio-Ambiente-y-Movilidad\/?vgnextfmt=default&amp;vgnextoid=9a30bfee6a28d010VgnVCM100000d90ca8c0RCRD&amp;vgnextchannel=9419508929a56510VgnVCM1000008a4a900aRCRD\" target=\"_blank\">Comisi\u00f3n Permanente Ordinaria de Medio Ambiente y Movilidad<\/a>&nbsp;&nbsp; <\/p>\n\n\n\n<p class=\"has-medium-font-size\"><a rel=\"noreferrer noopener\" aria-label=\" (abre en una nueva pesta\u00f1a)\" href=\"https:\/\/transparencia.madrid.es\/portales\/transparencia\/es\/Organizacion\/El-Pleno\/Comisiones-del-Pleno\/Comision-Permanente-Ordinaria-de-Hacienda-y-Personal-y-de-Economia-Innovacion-y-Empleo\/?vgnextfmt=default&amp;vgnextoid=06e4cff9e428d010VgnVCM100000d90ca8c0RCRD&amp;vgnextchannel=9419508929a56510VgnVCM1000008a4a900aRCRD\" target=\"_blank\">Comisi\u00f3n Permanente Ordinaria de Hacienda y Personal y de Econom\u00eda, Innovaci\u00f3n y Empleo<\/a>&nbsp;&nbsp;&nbsp;&nbsp; <\/p>\n\n\n\n<p class=\"has-medium-font-size\"><a rel=\"noreferrer noopener\" aria-label=\" (abre en una nueva pesta\u00f1a)\" href=\"https:\/\/transparencia.madrid.es\/portales\/transparencia\/es\/Organizacion\/El-Pleno\/Comisiones-del-Pleno\/Comision-Permanente-Ordinaria-de-Familias-Igualdad-y-Bienestar-Social\/?vgnextfmt=default&amp;vgnextoid=2be3005b9d693110VgnVCM1000000b205a0aRCRD&amp;vgnextchannel=9419508929a56510VgnVCM1000008a4a900aRCRD\" target=\"_blank\">Comisi\u00f3n Permanente Ordinaria de Familias, Igualdad y Bienestar Social<\/a>&nbsp;&nbsp;&nbsp;&nbsp;&nbsp; <\/p>\n\n\n\n<p class=\"has-medium-font-size\"><a rel=\"noreferrer noopener\" aria-label=\" (abre en una nueva pesta\u00f1a)\" href=\"https:\/\/transparencia.madrid.es\/portales\/transparencia\/es\/Organizacion\/El-Pleno\/Comisiones-del-Pleno\/Comision-Permanente-Ordinaria-de-Desarrollo-Urbano-y-de-Obras-y-Equipamientos\/?vgnextfmt=default&amp;vgnextoid=37d20531efb7c010VgnVCM100000d90ca8c0RCRD&amp;vgnextchannel=9419508929a56510VgnVCM1000008a4a900aRCRD\" target=\"_blank\">Comisi\u00f3n Permanente Ordinaria de Desarrollo Urbano y de Obras y Equipamientos<\/a>&nbsp;&nbsp;&nbsp;&nbsp;&nbsp; <\/p>\n\n\n\n<p class=\"has-medium-font-size\"><a rel=\"noreferrer noopener\" aria-label=\" (abre en una nueva pesta\u00f1a)\" href=\"https:\/\/transparencia.madrid.es\/portales\/transparencia\/es\/Organizacion\/El-Pleno\/Comisiones-del-Pleno\/Comision-Permanente-Ordinaria-de-Cultura-Turismo-y-Deporte\/?vgnextfmt=default&amp;vgnextoid=1fe2bfee6a28d010VgnVCM100000d90ca8c0RCRD&amp;vgnextchannel=9419508929a56510VgnVCM1000008a4a900aRCRD\" target=\"_blank\">Comisi\u00f3n Permanente Ordinaria de Cultura, Turismo y Deporte<\/a>&nbsp; <\/p>\n\n\n\n<h3 class=\"wp-block-heading\">Comisiones No Permanentes<\/h3>\n\n\n\n<p class=\"has-medium-font-size\"><a rel=\"noreferrer noopener\" aria-label=\" (abre en una nueva pesta\u00f1a)\" href=\"https:\/\/transparencia.madrid.es\/portales\/transparencia\/es\/Organizacion\/El-Pleno\/Comisiones-del-Pleno\/Comision-Especial-de-Sugerencias-y-Reclamaciones\/?vgnextfmt=default&amp;vgnextoid=638fdcbf9138d010VgnVCM100000d90ca8c0RCRD&amp;vgnextchannel=9419508929a56510VgnVCM1000008a4a900aRCRD\" target=\"_blank\">Comisi\u00f3n Especial de Sugerencias y Reclamaciones<\/a>&nbsp;&nbsp;&nbsp;&nbsp;&nbsp; <\/p>\n\n\n\n<p class=\"has-medium-font-size\"><a rel=\"noreferrer noopener\" aria-label=\" (abre en una nueva pesta\u00f1a)\" href=\"https:\/\/transparencia.madrid.es\/portales\/transparencia\/es\/Organizacion\/El-Pleno\/Comisiones-del-Pleno\/Comision-Especial-de-Cuentas\/?vgnextfmt=default&amp;vgnextoid=b0717abbac28d010VgnVCM100000d90ca8c0RCRD&amp;vgnextchannel=9419508929a56510VgnVCM1000008a4a900aRCRD\" target=\"_blank\">Comisi\u00f3n Especial de Cuentas<\/a>&nbsp;&nbsp;<\/p>\n\n\n\n<p class=\"has-medium-font-size\"><a rel=\"noreferrer noopener\" aria-label=\" (abre en una nueva pesta\u00f1a)\" href=\"https:\/\/transparencia.madrid.es\/portales\/transparencia\/es\/Organizacion\/El-Pleno\/Comisiones-del-Pleno\/Comision-de-Vigilancia-de-la-Contratacion\/?vgnextfmt=default&amp;vgnextoid=4ba6d06e3038d010VgnVCM100000d90ca8c0RCRD&amp;vgnextchannel=9419508929a56510VgnVCM1000008a4a900aRCRD\" target=\"_blank\">Comisi\u00f3n de Vigilancia de la Contrataci\u00f3n<\/a><\/p>\n","protected":false},"excerpt":{"rendered":"<p>El Pleno del Ayuntamiento se re\u00fane mensualmente en sesi\u00f3n ordinaria. Aqu\u00ed puedes ver las convocatorias. Para seguir las retransmisiones en directo, tanto del pleno como de las comisiones, existe un canal de youtube al que puedes suscribirte. Entre pleno y pleno se re\u00fanen las diferentes Comisiones, integradas por un n\u00famero determinado de miembros distribuidos entre [&hellip;]<\/p>\n","protected":false},"author":5,"featured_media":0,"parent":10,"menu_order":0,"comment_status":"closed","ping_status":"closed","template":"","meta":[],"jetpack_sharing_enabled":true,"_links":{"self":[{"href":"https:\/\/fuencactiva.org\/index.php?rest_route=\/wp\/v2\/pages\/555"}],"collection":[{"href":"https:\/\/fuencactiva.org\/index.php?rest_route=\/wp\/v2\/pages"}],"about":[{"href":"https:\/\/fuencactiva.org\/index.php?rest_route=\/wp\/v2\/types\/page"}],"author":[{"embeddable":true,"href":"https:\/\/fuencactiva.org\/index.php?rest_route=\/wp\/v2\/users\/5"}],"replies":[{"embeddable":true,"href":"https:\/\/fuencactiva.org\/index.php?rest_route=%2Fwp%2Fv2%2Fcomments&post=555"}],"version-history":[{"count":13,"href":"https:\/\/fuencactiva.org\/index.php?rest_route=\/wp\/v2\/pages\/555\/revisions"}],"predecessor-version":[{"id":3603,"href":"https:\/\/fuencactiva.org\/index.php?rest_route=\/wp\/v2\/pages\/555\/revisions\/3603"}],"up":[{"embeddable":true,"href":"https:\/\/fuencactiva.org\/index.php?rest_route=\/wp\/v2\/pages\/10"}],"wp:attachment":[{"href":"https:\/\/fuencactiva.org\/index.php?rest_route=%2Fwp%2Fv2%2Fmedia&parent=555"}],"curies":[{"name":"wp","href":"https:\/\/api.w.org\/{rel}","templated":true}]}}

<p class="has-medium-font-size">El Pleno del Ayuntamiento se reúne mensualmente en sesión ordinaria.  </p>



<p class="has-medium-font-size">Aquí puedes ver las <strong><a rel="noreferrer noopener" aria-label="convocatorias y actas (abre en una nueva pestaña)" href="https://www.madrid.es/portales/munimadrid/es/Inicio/El-Ayuntamiento/El-Pleno/Actividad-del-Pleno-y-las-Comisiones/?vgnextfmt=default&amp;vgnextchannel=fa9e1f2f2b40e210VgnVCM2000000c205a0aRCRD&amp;vgnextoid=fa9e1f2f2b40e210VgnVCM2000000c205a0aRCRD" target="_blank">convocatorias</a></strong>.  Para seguir las retransmisiones en directo, tanto del pleno como de las comisiones, existe un canal de <a rel="noreferrer noopener" aria-label="youtube (abre en una nueva pestaña)" href="https://www.youtube.com/channel/UC31vbF8LHb-jClgTPvA64IQ" target="_blank"><strong>youtube</strong></a> al que puedes suscribirte.  </p>



<p class="has-medium-font-size">Entre pleno y pleno se reúnen las diferentes <strong>Comisiones</strong>, integradas por un número determinado de miembros distribuidos entre los distintos grupos políticos municipales. Actualmente, están compuestas por:</p>



<p class="has-medium-font-size">5 representantes del <a rel="noreferrer noopener" aria-label="Grupo Municipal Más Madrid (abre en una nueva pestaña)" href="https://transparencia.madrid.es/portales/transparencia/es/Organizacion/El-Pleno/Grupos-politicos/Grupo-Municipal-Mas-Madrid/?vgnextfmt=default&amp;vgnextoid=5674f230fb45b610VgnVCM1000001d4a900aRCRD&amp;vgnextchannel=0d12ad8d53a28510VgnVCM2000001f4a900aRCRD" target="_blank">Grupo Municipal Más Madrid</a></p>



<p class="has-medium-font-size">4 del <a rel="noreferrer noopener" aria-label="Grupo Municipal del Partido Popular (abre en una nueva pestaña)" href="https://transparencia.madrid.es/portales/transparencia/es/Organizacion/El-Pleno/Grupos-politicos/Grupo-Municipal-del-Partido-Popular/?vgnextfmt=default&amp;vgnextoid=56d3808b7905b610VgnVCM1000001d4a900aRCRD&amp;vgnextchannel=0d12ad8d53a28510VgnVCM2000001f4a900aRCRD" target="_blank">Grupo Municipal del Partido Popular</a></p>



<p class="has-medium-font-size">3 del <a rel="noreferrer noopener" aria-label="Grupo Municipal Ciudadanos-Partido de la Ciudadanía (abre en una nueva pestaña)" href="https://transparencia.madrid.es/portales/transparencia/es/Organizacion/El-Pleno/Grupos-politicos/Grupo-Municipal-Ciudadanos-Partido-de-la-Ciudadania/?vgnextfmt=default&amp;vgnextoid=26546cddd264b610VgnVCM2000001f4a900aRCRD&amp;vgnextchannel=0d12ad8d53a28510VgnVCM2000001f4a900aRCRD" target="_blank">Grupo Municipal Ciudadanos-Partido de la Ciudadanía</a></p>



<p class="has-medium-font-size">2 del <a rel="noreferrer noopener" aria-label="Grupo Municipal Socialista de Madrid (abre en una nueva pestaña)" href="https://transparencia.madrid.es/portales/transparencia/es/Organizacion/El-Pleno/Grupos-politicos/Grupo-Municipal-Socialista-de-Madrid/?vgnextfmt=default&amp;vgnextoid=77c0808b7905b610VgnVCM1000001d4a900aRCRD&amp;vgnextchannel=0d12ad8d53a28510VgnVCM2000001f4a900aRCRD" target="_blank">Grupo Municipal Socialista de Madrid</a>&nbsp;</p>



<p class="has-medium-font-size">1 del <a rel="noreferrer noopener" aria-label="Grupo Municipal Vox (abre en una nueva pestaña)" href="https://transparencia.madrid.es/portales/transparencia/es/Organizacion/El-Pleno/Grupos-politicos/Grupo-Municipal-VOX/?vgnextfmt=default&amp;vgnextoid=97e084884ab4b610VgnVCM2000001f4a900aRCRD&amp;vgnextchannel=0d12ad8d53a28510VgnVCM2000001f4a900aRCRD" target="_blank">Grupo Municipal Vox</a></p>



<h3 class="wp-block-heading">Comisiones Permanentes</h3>



<p class="has-medium-font-size"><a rel="noreferrer noopener" aria-label=" (abre en una nueva pestaña)" href="https://transparencia.madrid.es/portales/transparencia/es/Organizacion/El-Pleno/Comisiones-del-Pleno/Comision-Permanente-Ordinaria-de-Vicealcaldia/?vgnextfmt=default&amp;vgnextoid=89ed5ad13ef2e410VgnVCM1000000b205a0aRCRD&amp;vgnextchannel=9419508929a56510VgnVCM1000008a4a900aRCRD" target="_blank">Comisión Permanente Ordinaria de Vicealcaldía</a>&nbsp;&nbsp;&nbsp;&nbsp; </p>



<p class="has-medium-font-size">&nbsp;<a rel="noreferrer noopener" aria-label=" (abre en una nueva pestaña)" href="https://transparencia.madrid.es/portales/transparencia/es/Organizacion/El-Pleno/Comisiones-del-Pleno/Comision-Permanente-Ordinaria-de-Portavoz-Seguridad-y-Emergencias/?vgnextfmt=default&amp;vgnextoid=9a17cff9e428d010VgnVCM100000d90ca8c0RCRD&amp;vgnextchannel=9419508929a56510VgnVCM1000008a4a900aRCRD" target="_blank">Comisión Permanente Ordinaria de Portavoz, Seguridad y Emergencias</a>&nbsp;&nbsp;&nbsp;&nbsp; </p>



<p class="has-medium-font-size"><a rel="noreferrer noopener" aria-label=" (abre en una nueva pestaña)" href="https://transparencia.madrid.es/portales/transparencia/es/Organizacion/El-Pleno/Comisiones-del-Pleno/Comision-Permanente-Ordinaria-de-Medio-Ambiente-y-Movilidad/?vgnextfmt=default&amp;vgnextoid=9a30bfee6a28d010VgnVCM100000d90ca8c0RCRD&amp;vgnextchannel=9419508929a56510VgnVCM1000008a4a900aRCRD" target="_blank">Comisión Permanente Ordinaria de Medio Ambiente y Movilidad</a>&nbsp;&nbsp; </p>



<p class="has-medium-font-size"><a rel="noreferrer noopener" aria-label=" (abre en una nueva pestaña)" href="https://transparencia.madrid.es/portales/transparencia/es/Organizacion/El-Pleno/Comisiones-del-Pleno/Comision-Permanente-Ordinaria-de-Hacienda-y-Personal-y-de-Economia-Innovacion-y-Empleo/?vgnextfmt=default&amp;vgnextoid=06e4cff9e428d010VgnVCM100000d90ca8c0RCRD&amp;vgnextchannel=9419508929a56510VgnVCM1000008a4a900aRCRD" target="_blank">Comisión Permanente Ordinaria de Hacienda y Personal y de Economía, Innovación y Empleo</a>&nbsp;&nbsp;&nbsp;&nbsp; </p>



<p class="has-medium-font-size"><a rel="noreferrer noopener" aria-label=" (abre en una nueva pestaña)" href="https://transparencia.madrid.es/portales/transparencia/es/Organizacion/El-Pleno/Comisiones-del-Pleno/Comision-Permanente-Ordinaria-de-Familias-Igualdad-y-Bienestar-Social/?vgnextfmt=default&amp;vgnextoid=2be3005b9d693110VgnVCM1000000b205a0aRCRD&amp;vgnextchannel=9419508929a56510VgnVCM1000008a4a900aRCRD" target="_blank">Comisión Permanente Ordinaria de Familias, Igualdad y Bienestar Social</a>&nbsp;&nbsp;&nbsp;&nbsp;&nbsp; </p>



<p class="has-medium-font-size"><a rel="noreferrer noopener" aria-label=" (abre en una nueva pestaña)" href="https://transparencia.madrid.es/portales/transparencia/es/Organizacion/El-Pleno/Comisiones-del-Pleno/Comision-Permanente-Ordinaria-de-Desarrollo-Urbano-y-de-Obras-y-Equipamientos/?vgnextfmt=default&amp;vgnextoid=37d20531efb7c010VgnVCM100000d90ca8c0RCRD&amp;vgnextchannel=9419508929a56510VgnVCM1000008a4a900aRCRD" target="_blank">Comisión Permanente Ordinaria de Desarrollo Urbano y de Obras y Equipamientos</a>&nbsp;&nbsp;&nbsp;&nbsp;&nbsp; </p>



<p class="has-medium-font-size"><a rel="noreferrer noopener" aria-label=" (abre en una nueva pestaña)" href="https://transparencia.madrid.es/portales/transparencia/es/Organizacion/El-Pleno/Comisiones-del-Pleno/Comision-Permanente-Ordinaria-de-Cultura-Turismo-y-Deporte/?vgnextfmt=default&amp;vgnextoid=1fe2bfee6a28d010VgnVCM100000d90ca8c0RCRD&amp;vgnextchannel=9419508929a56510VgnVCM1000008a4a900aRCRD" target="_blank">Comisión Permanente Ordinaria de Cultura, Turismo y Deporte</a>&nbsp; </p>



<h3 class="wp-block-heading">Comisiones No Permanentes</h3>



<p class="has-medium-font-size"><a rel="noreferrer noopener" aria-label=" (abre en una nueva pestaña)" href="https://transparencia.madrid.es/portales/transparencia/es/Organizacion/El-Pleno/Comisiones-del-Pleno/Comision-Especial-de-Sugerencias-y-Reclamaciones/?vgnextfmt=default&amp;vgnextoid=638fdcbf9138d010VgnVCM100000d90ca8c0RCRD&amp;vgnextchannel=9419508929a56510VgnVCM1000008a4a900aRCRD" target="_blank">Comisión Especial de Sugerencias y Reclamaciones</a>&nbsp;&nbsp;&nbsp;&nbsp;&nbsp; </p>



<p class="has-medium-font-size"><a rel="noreferrer noopener" aria-label=" (abre en una nueva pestaña)" href="https://transparencia.madrid.es/portales/transparencia/es/Organizacion/El-Pleno/Comisiones-del-Pleno/Comision-Especial-de-Cuentas/?vgnextfmt=default&amp;vgnextoid=b0717abbac28d010VgnVCM100000d90ca8c0RCRD&amp;vgnextchannel=9419508929a56510VgnVCM1000008a4a900aRCRD" target="_blank">Comisión Especial de Cuentas</a>&nbsp;&nbsp;</p>



<p class="has-medium-font-size"><a rel="noreferrer noopener" aria-label=" (abre en una nueva pestaña)" href="https://transparencia.madrid.es/portales/transparencia/es/Organizacion/El-Pleno/Comisiones-del-Pleno/Comision-de-Vigilancia-de-la-Contratacion/?vgnextfmt=default&amp;vgnextoid=4ba6d06e3038d010VgnVCM100000d90ca8c0RCRD&amp;vgnextchannel=9419508929a56510VgnVCM1000008a4a900aRCRD" target="_blank">Comisión de Vigilancia de la Contratación</a></p>

<p>El Pleno del Ayuntamiento se reúne mensualmente en sesión ordinaria. Aquí puedes ver las convocatorias. Para seguir las retransmisiones en directo, tanto del pleno como de las comisiones, existe un canal de youtube al que puedes suscribirte. Entre pleno y pleno se reúnen las diferentes Comisiones, integradas por un número determinado de miembros distribuidos entre [&hellip;]</p>
